{"id":13883,"date":"2025-05-06T09:57:12","date_gmt":"2025-05-06T07:57:12","guid":{"rendered":"https:\/\/hoegy.de\/homepage\/?page_id=13883"},"modified":"2025-05-06T09:57:12","modified_gmt":"2025-05-06T07:57:12","slug":"ein-wiedersehen-30-jahre-nach-dem-abitur","status":"publish","type":"page","link":"https:\/\/hoegy.de\/homepage\/schulgemeinschaft\/alumni\/ein-wiedersehen-30-jahre-nach-dem-abitur\/","title":{"rendered":"Ein Wiedersehen: 30 Jahre nach dem Abitur"},"content":{"rendered":"<section class=\"l-section wpb_row height_small\"><div class=\"l-section-h i-cf\"><div class=\"g-cols vc_row via_flex valign_top type_default stacking_default\"><div class=\"vc_col-sm-12 wpb_column vc_column_container\"><div class=\"vc_column-inner\"><div class=\"wpb_wrapper\"><div class=\"wpb_text_column\"><div class=\"wpb_wrapper\"><p>Am 5. April 2025 war es so weit: Der Abiturjahrgang 1995 des H\u00f6lderlin-Gymnasiums in N\u00fcrtingen, schon immer \u201eH\u00f6Gy&#8221;, feierte sein 30-j\u00e4hriges Jubil\u00e4um. So trafen sich rund 40 Ehemalige am Nachmittag, um gemeinsam durch die frisch renovierten Hallen ihrer alten Schule zu schlendern.<\/p>\n<p>Die Vorfreude war gro\u00df, als wir von Herrn Bauer, dem stellvertretenden Schulleiter, durch das neu gestaltete Geb\u00e4ude gef\u00fchrt wurden. Die Renovierung, die im Jahr 2024 abgeschlossen wurde, hat dem H\u00f6Gy neuen Glanz verliehen. Und trotz der vielen Ver\u00e4nderungen an Gesichtern und Fassaden war es erstaunlich, wie schnell wir sowohl uns untereinander als auch die R\u00e4umlichkeiten wiedererkannten. Es war, als w\u00e4re die Zeit stehengeblieben \u2013 naja, fast.<\/p>\n<p>Ein besonders herzlicher Dank gilt Herrn Bauer, der sich extra am Samstagnachmittag Zeit f\u00fcr uns genommen hat. Auch 30 Jahre nach dem Abitur waren wir eine lebhafte und lautstarke Truppe. Verweise, Ausschl\u00fcsse und andere disziplinarische Ma\u00dfnahmen konnten dank angewandter P\u00e4dagogik vermieden werden.<\/p>\n<p>Der Abend brachte dann noch mehr Ehemalige zusammen: Ca. 70 von uns fanden sich in einem gem\u00fctlichen Lokal ein, um gemeinsam zu feiern und die alten Zeiten aufleben zu lassen. Die Stimmung war laut und wild, und es wurden zahlreiche Geschichten und Anekdoten aus unserer Schulzeit erz\u00e4hlt. Es war eine Mischung aus herzlichem Lachen und nostalgischen Erinnerungen, die uns alle zur\u00fcck in die Vergangenheit katapultierte.<\/p>\n<p>Wir hoffen, dass wir uns noch oft &#8211; an diesem Ort &#8211; treffen k\u00f6nnen.<\/p>\n<p>&#8220;Es lebte nichts, wenn es nicht hoffte.&#8221;, Zitat: Der Mann, der so hei\u00dft wie unsere Schule.<\/p>\n<p style=\"text-align: right;\"><em>Tobias Sailer, Abiturjahrgang 1995<\/em><\/p>\n<\/div><\/div><div class=\"w-image align_none\"><div class=\"w-image-h\"><img decoding=\"async\" width=\"1024\" height=\"768\" data-src=\"https:\/\/hoegy.de\/homepage\/hgy-media\/Abitur-1995-Bild-zum-Text-fuer-HP-1024x768.jpg\" class=\"attachment-large size-large lazyload\" alt=\"\" data-srcset=\"https:\/\/hoegy.de\/homepage\/hgy-media\/Abitur-1995-Bild-zum-Text-fuer-HP-1024x768.jpg 1024w, https:\/\/hoegy.de\/homepage\/hgy-media\/Abitur-1995-Bild-zum-Text-fuer-HP-200x150.jpg 200w, https:\/\/hoegy.de\/homepage\/hgy-media\/Abitur-1995-Bild-zum-Text-fuer-HP-600x450.jpg 600w, https:\/\/hoegy.de\/homepage\/hgy-media\/Abitur-1995-Bild-zum-Text-fuer-HP-50x38.jpg 50w, https:\/\/hoegy.de\/homepage\/hgy-media\/Abitur-1995-Bild-zum-Text-fuer-HP-100x75.jpg 100w, https:\/\/hoegy.de\/homepage\/hgy-media\/Abitur-1995-Bild-zum-Text-fuer-HP-1320x990.jpg 1320w, https:\/\/hoegy.de\/homepage\/hgy-media\/Abitur-1995-Bild-zum-Text-fuer-HP.jpg 2016w\" data-sizes=\"auto, (max-width: 1024px) 100vw, 1024px\" src=\"data:image\/svg+xml;base64,PHN2ZyB3aWR0aD0iMSIgaGVpZ2h0PSIxIiB4bWxucz0iaHR0cDovL3d3dy53My5vcmcvMjAwMC9zdmciPjwvc3ZnPg==\" style=\"--smush-placeholder-width: 1024px; --smush-placeholder-aspect-ratio: 1024\/768;\" \/><\/div><\/div><\/div><\/div><\/div><\/div><\/div><\/section>\n","protected":false},"excerpt":{"rendered":"Am 5. April 2025 war es so weit: Der Abiturjahrgang 1995 des H\u00f6lderlin-Gymnasiums in N\u00fcrtingen, schon immer \u201eH\u00f6Gy&#8221;, feierte sein 30-j\u00e4hriges Jubil\u00e4um. So trafen sich rund 40 Ehemalige am Nachmittag, um gemeinsam durch die frisch renovierten Hallen ihrer alten Schule zu schlendern. Die Vorfreude war gro\u00df, als wir von Herrn Bauer, dem stellvertretenden Schulleiter, durch...","protected":false},"author":8,"featured_media":0,"parent":11338,"menu_order":0,"comment_status":"closed","ping_status":"closed","template":"","meta":{"footnotes":""},"class_list":["post-13883","page","type-page","status-publish","hentry"],"publishpress_future_action":{"enabled":false,"date":"2026-04-20 17:44:54","action":"change-status","newStatus":"draft","terms":[],"taxonomy":"","extraData":[]},"publishpress_future_workflow_manual_trigger":{"enabledWorkflows":[]},"_links":{"self":[{"href":"https:\/\/hoegy.de\/homepage\/wp-json\/wp\/v2\/pages\/13883","targetHints":{"allow":["GET"]}}],"collection":[{"href":"https:\/\/hoegy.de\/homepage\/wp-json\/wp\/v2\/pages"}],"about":[{"href":"https:\/\/hoegy.de\/homepage\/wp-json\/wp\/v2\/types\/page"}],"author":[{"embeddable":true,"href":"https:\/\/hoegy.de\/homepage\/wp-json\/wp\/v2\/users\/8"}],"replies":[{"embeddable":true,"href":"https:\/\/hoegy.de\/homepage\/wp-json\/wp\/v2\/comments?post=13883"}],"version-history":[{"count":2,"href":"https:\/\/hoegy.de\/homepage\/wp-json\/wp\/v2\/pages\/13883\/revisions"}],"predecessor-version":[{"id":13886,"href":"https:\/\/hoegy.de\/homepage\/wp-json\/wp\/v2\/pages\/13883\/revisions\/13886"}],"up":[{"embeddable":true,"href":"https:\/\/hoegy.de\/homepage\/wp-json\/wp\/v2\/pages\/11338"}],"wp:attachment":[{"href":"https:\/\/hoegy.de\/homepage\/wp-json\/wp\/v2\/media?parent=13883"}],"curies":[{"name":"wp","href":"https:\/\/api.w.org\/{rel}","templated":true}]}}