{"id":15376,"date":"2026-02-27T12:15:09","date_gmt":"2026-02-27T11:15:09","guid":{"rendered":"https:\/\/hoegy.de\/homepage\/?page_id=15376"},"modified":"2026-02-27T12:25:45","modified_gmt":"2026-02-27T11:25:45","slug":"treffen-zum-10-jaehrigen-abi-jubilaeum","status":"publish","type":"page","link":"https:\/\/hoegy.de\/homepage\/schulgemeinschaft\/alumni\/treffen-zum-10-jaehrigen-abi-jubilaeum\/","title":{"rendered":"Treffen zum 10-j\u00e4hrigen Abi-Jubil\u00e4um"},"content":{"rendered":"<section class=\"l-section wpb_row height_small\"><div class=\"l-section-h i-cf\"><div class=\"g-cols vc_row via_flex valign_top type_default stacking_default\"><div class=\"vc_col-sm-6 wpb_column vc_column_container\"><div class=\"vc_column-inner\"><div class=\"wpb_wrapper\"><div class=\"wpb_text_column\"><div class=\"wpb_wrapper\"><p><span>Im Jahr 2015 haben wir unter dem Motto \u201eAbi heute \u2013 Captain Morgen&#8221; unser Abitur am H\u00f6gy erfolgreich abgelegt. Seitdem geh\u00f6rt es f\u00fcr uns ganz selbstverst\u00e4ndlich dazu, uns jedes Jahr rund um die Weihnachtszeit wiederzusehen. Viele von uns sind in ganz Deutschland verstreut oder im Ausland wohnhaft. Unser Stufentreffen markiert daher ein j\u00e4hrliches Wiedersehen unter Freunden, weil viele nach N\u00fcrtingen reisen, um in der Weihnachtszeit mit der Familie (und uns) zu feiern. Zus\u00e4tzlich gibt es diverse Aktivit\u00e4ten unseres Jahrgangs, die spontan \u00fcber vertraute Messenger vereinbart werden (z.b. N\u00fcrtinger Maientag).<\/span><\/p>\n<p><span>Uns verbinden zahlreiche gemeinsame Erinnerungen \u2013 vom Abi-Scherz \u00fcber Studienfahrten bis hin zur legend\u00e4ren Abi-H\u00fctte. Sogar eine Vor-Abi-H\u00fctte haben wir veranstaltet!<\/span><br \/>\n<span>Zum 10-j\u00e4hrigen Abi-Jubil\u00e4um haben wir uns im N\u00fcrtinger Hof getroffen und zuvor unser H\u00f6gy besucht. Schulleiterin Beate Selb f\u00fchrte uns durch das umgebaute Schulgeb\u00e4ude und gab spannende Einblicke in die Weiterentwicklung der Schule. Der neu gestaltete Eingangsbereich, digitale Tafeln ohne Kreide, sowie neue und altbekannte Lehrkr\u00e4fte, sind bleibende Erinnerungen an den Rundgang. W\u00e4hrend des Rundgangs gab es gef\u00fchlt an jedem Ort Anekdoten zu erz\u00e4hlen, die unsere Schulzeit wieder lebendig machten.<\/span><\/p>\n<p><span>Auch im N\u00fcrtinger Hof bot unsere Abi-Zeitung reichlich Anlass, in Erinnerungen zu schwelgen und Geschichten aus der Schulzeit erneut aufleben zu lassen. \u00dcber die Jahre haben sich Freundschaften entwickelt, die weit \u00fcber die Schulzeit hinaus Bestand haben \u2013 und genau sie sind auch in Zukunft der Garant daf\u00fcr, dass wir uns weiterhin so zahlreich und gerne wiedersehen werden. Wir freuen uns schon jetzt auf das n\u00e4chste Stufentreffen.<\/span><\/p>\n<\/div><\/div><\/div><\/div><\/div><div class=\"vc_col-sm-6 wpb_column vc_column_container\"><div class=\"vc_column-inner\"><div class=\"wpb_wrapper\"><div class=\"w-image align_none\"><div class=\"w-image-h\"><img decoding=\"async\" width=\"768\" height=\"1024\" src=\"https:\/\/hoegy.de\/homepage\/hgy-media\/IMG-20251221-WA0030-1-768x1024.avif\" class=\"attachment-large size-large\" alt=\"\" loading=\"lazy\" srcset=\"https:\/\/hoegy.de\/homepage\/hgy-media\/IMG-20251221-WA0030-1-768x1024.avif 768w, https:\/\/hoegy.de\/homepage\/hgy-media\/IMG-20251221-WA0030-1-150x200.avif 150w, https:\/\/hoegy.de\/homepage\/hgy-media\/IMG-20251221-WA0030-1-38x50.avif 38w, https:\/\/hoegy.de\/homepage\/hgy-media\/IMG-20251221-WA0030-1-75x100.avif 75w, https:\/\/hoegy.de\/homepage\/hgy-media\/IMG-20251221-WA0030-1-300x400.avif 300w, https:\/\/hoegy.de\/homepage\/hgy-media\/IMG-20251221-WA0030-1-200x267.avif 200w, https:\/\/hoegy.de\/homepage\/hgy-media\/IMG-20251221-WA0030-1.avif 1536w\" sizes=\"auto, (max-width: 768px) 100vw, 768px\" \/><\/div><\/div><\/div><\/div><\/div><\/div><\/div><\/section>\n","protected":false},"excerpt":{"rendered":"Im Jahr 2015 haben wir unter dem Motto \u201eAbi heute \u2013 Captain Morgen&#8221; unser Abitur am H\u00f6gy erfolgreich abgelegt. Seitdem geh\u00f6rt es f\u00fcr uns ganz selbstverst\u00e4ndlich dazu, uns jedes Jahr rund um die Weihnachtszeit wiederzusehen. Viele von uns sind in ganz Deutschland verstreut oder im Ausland wohnhaft. Unser Stufentreffen markiert daher ein j\u00e4hrliches Wiedersehen unter...","protected":false},"author":8,"featured_media":0,"parent":11338,"menu_order":0,"comment_status":"closed","ping_status":"closed","template":"","meta":{"footnotes":""},"class_list":["post-15376","page","type-page","status-publish","hentry"],"publishpress_future_action":{"enabled":false,"date":"2026-04-20 19:24:24","action":"change-status","newStatus":"draft","terms":[],"taxonomy":"","extraData":[]},"publishpress_future_workflow_manual_trigger":{"enabledWorkflows":[]},"_links":{"self":[{"href":"https:\/\/hoegy.de\/homepage\/wp-json\/wp\/v2\/pages\/15376","targetHints":{"allow":["GET"]}}],"collection":[{"href":"https:\/\/hoegy.de\/homepage\/wp-json\/wp\/v2\/pages"}],"about":[{"href":"https:\/\/hoegy.de\/homepage\/wp-json\/wp\/v2\/types\/page"}],"author":[{"embeddable":true,"href":"https:\/\/hoegy.de\/homepage\/wp-json\/wp\/v2\/users\/8"}],"replies":[{"embeddable":true,"href":"https:\/\/hoegy.de\/homepage\/wp-json\/wp\/v2\/comments?post=15376"}],"version-history":[{"count":3,"href":"https:\/\/hoegy.de\/homepage\/wp-json\/wp\/v2\/pages\/15376\/revisions"}],"predecessor-version":[{"id":15385,"href":"https:\/\/hoegy.de\/homepage\/wp-json\/wp\/v2\/pages\/15376\/revisions\/15385"}],"up":[{"embeddable":true,"href":"https:\/\/hoegy.de\/homepage\/wp-json\/wp\/v2\/pages\/11338"}],"wp:attachment":[{"href":"https:\/\/hoegy.de\/homepage\/wp-json\/wp\/v2\/media?parent=15376"}],"curies":[{"name":"wp","href":"https:\/\/api.w.org\/{rel}","templated":true}]}}