{"id":216,"date":"2018-10-13T08:51:17","date_gmt":"2018-10-13T06:51:17","guid":{"rendered":"https:\/\/hoegy.de\/homepage\/?page_id=216"},"modified":"2025-09-16T14:12:06","modified_gmt":"2025-09-16T12:12:06","slug":"leitbild","status":"publish","type":"page","link":"https:\/\/hoegy.de\/homepage\/das-hoegy\/unsere-schule\/leitbild\/","title":{"rendered":"Leitbild"},"content":{"rendered":"<section class=\"l-section wpb_row height_small\"><div class=\"l-section-h i-cf\"><div class=\"g-cols vc_row via_flex valign_top type_default stacking_default\"><div class=\"vc_col-sm-12 wpb_column vc_column_container\"><div class=\"vc_column-inner\"><div class=\"wpb_wrapper\"><div class=\"wpb_text_column\"><div class=\"wpb_wrapper\"><table class=\" cke_show_border\">\n<tbody>\n<tr>\n<td><strong>Pr\u00e4ambel<\/strong><\/td>\n<\/tr>\n<tr>\n<td>Wir achten uns gegenseitig.<br \/>\nWir w\u00fcrdigen Leistungen und Engagement.<br \/>\nWir tragen aktiv zum Gelingen der Gemeinschaft bei.<\/td>\n<\/tr>\n<\/tbody>\n<\/table>\n<p>Das Leitbild ist die verbindliche, von der Schulkonferenz verabschiedete Grundlage f\u00fcr das Leben, Lernen und Arbeiten an unserer Schule. Es definiert<\/p>\n<ul>\n<li>grunds\u00e4tzliche Ziele sowie Ma\u00dfnahmen zur Erreichung dieser Ziele<\/li>\n<li>Werte<\/li>\n<li>Aufgaben, Rechte und Pflichten.<\/li>\n<\/ul>\n<p>Grundlage des Leitbildes bilden die rechtlichen Rahmenbedingungen. Darauf bauen sechs S\u00e4ulen auf, die das Leitbild inhaltlich ausf\u00fcllen. An oberster Stelle stehen die Werte Demokratie, Bereitschaft zur \u00dcbernahme von Verantwortung und der menschliche Umgang miteinander.<\/p>\n<p>Sch\u00fcler, Lehrer und Eltern entwickeln das Leitbild gemeinsam. Es wird st\u00e4ndig aktualisiert.<\/p>\n<\/div><\/div><div class=\"w-image align_center us_animate_fade\"><a ref=\"magnificPopup\" href=\"https:\/\/hoegy.de\/homepage\/hgy-media\/new_Leitbild.svg\" aria-label=\"new_Leitbild\" class=\"w-image-h\"><img decoding=\"async\" data-src=\"https:\/\/hoegy.de\/homepage\/hgy-media\/new_Leitbild.svg\" class=\"attachment-full size-full lazyload\" alt=\"\" src=\"data:image\/svg+xml;base64,PHN2ZyB3aWR0aD0iMSIgaGVpZ2h0PSIxIiB4bWxucz0iaHR0cDovL3d3dy53My5vcmcvMjAwMC9zdmciPjwvc3ZnPg==\" \/><\/a><\/div><\/div><\/div><\/div><\/div><\/div><\/section>\n","protected":false},"excerpt":{"rendered":"Pr\u00e4ambel Wir achten uns gegenseitig. Wir w\u00fcrdigen Leistungen und Engagement. Wir tragen aktiv zum Gelingen der Gemeinschaft bei. Das Leitbild ist die verbindliche, von der Schulkonferenz verabschiedete Grundlage f\u00fcr das Leben, Lernen und Arbeiten an unserer Schule. Es definiert grunds\u00e4tzliche Ziele sowie Ma\u00dfnahmen zur Erreichung dieser Ziele Werte Aufgaben, Rechte und Pflichten. Grundlage des Leitbildes...","protected":false},"author":2,"featured_media":558,"parent":13495,"menu_order":1,"comment_status":"closed","ping_status":"closed","template":"","meta":{"footnotes":""},"class_list":["post-216","page","type-page","status-publish","has-post-thumbnail","hentry"],"publishpress_future_action":{"enabled":false,"date":"2026-05-08 20:08:57","action":"change-status","newStatus":"draft","terms":[],"taxonomy":"","extraData":[]},"publishpress_future_workflow_manual_trigger":{"enabledWorkflows":[]},"_links":{"self":[{"href":"https:\/\/hoegy.de\/homepage\/wp-json\/wp\/v2\/pages\/216","targetHints":{"allow":["GET"]}}],"collection":[{"href":"https:\/\/hoegy.de\/homepage\/wp-json\/wp\/v2\/pages"}],"about":[{"href":"https:\/\/hoegy.de\/homepage\/wp-json\/wp\/v2\/types\/page"}],"author":[{"embeddable":true,"href":"https:\/\/hoegy.de\/homepage\/wp-json\/wp\/v2\/users\/2"}],"replies":[{"embeddable":true,"href":"https:\/\/hoegy.de\/homepage\/wp-json\/wp\/v2\/comments?post=216"}],"version-history":[{"count":10,"href":"https:\/\/hoegy.de\/homepage\/wp-json\/wp\/v2\/pages\/216\/revisions"}],"predecessor-version":[{"id":14519,"href":"https:\/\/hoegy.de\/homepage\/wp-json\/wp\/v2\/pages\/216\/revisions\/14519"}],"up":[{"embeddable":true,"href":"https:\/\/hoegy.de\/homepage\/wp-json\/wp\/v2\/pages\/13495"}],"wp:featuredmedia":[{"embeddable":true,"href":"https:\/\/hoegy.de\/homepage\/wp-json\/wp\/v2\/media\/558"}],"wp:attachment":[{"href":"https:\/\/hoegy.de\/homepage\/wp-json\/wp\/v2\/media?parent=216"}],"curies":[{"name":"wp","href":"https:\/\/api.w.org\/{rel}","templated":true}]}}