{"id":230,"date":"2018-10-13T08:52:53","date_gmt":"2018-10-13T06:52:53","guid":{"rendered":"https:\/\/hoegy.de\/homepage\/?page_id=230"},"modified":"2026-01-27T10:18:10","modified_gmt":"2026-01-27T09:18:10","slug":"smv","status":"publish","type":"page","link":"https:\/\/hoegy.de\/homepage\/schulgemeinschaft\/smv\/","title":{"rendered":"SMV"},"content":{"rendered":"<section class=\"l-section wpb_row us_custom_c70c97eb height_small width_full\"><div class=\"l-section-h i-cf\"><div class=\"g-cols vc_row via_flex valign_top type_default stacking_default\"><div class=\"vc_col-sm-6 wpb_column vc_column_container\"><div class=\"vc_column-inner\"><div class=\"wpb_wrapper\"><div class=\"wpb_text_column us_custom_29f6d296 has_text_color\"><div class=\"wpb_wrapper\"><h3>Hey, wir sind die SMV<\/h3>\n<h3>(Sch\u00fcler mit Verantwortung)<\/h3>\n<h3>des H\u00f6Gy \ud83d\ude42<\/h3>\n<\/div><\/div><\/div><\/div><\/div><div class=\"vc_col-sm-6 wpb_column vc_column_container\"><div class=\"vc_column-inner\"><div class=\"wpb_wrapper\"><div class=\"w-image align_center\"><div class=\"w-image-h\"><img decoding=\"async\" width=\"142\" height=\"200\" data-src=\"https:\/\/hoegy.de\/homepage\/hgy-media\/smvlogo_svgexport-142x200.png\" class=\"attachment-medium size-medium lazyload\" alt=\"\" data-srcset=\"https:\/\/hoegy.de\/homepage\/hgy-media\/smvlogo_svgexport-142x200.png 142w, https:\/\/hoegy.de\/homepage\/hgy-media\/smvlogo_svgexport-728x1024.png 728w, https:\/\/hoegy.de\/homepage\/hgy-media\/smvlogo_svgexport-423x595.png 423w, https:\/\/hoegy.de\/homepage\/hgy-media\/smvlogo_svgexport-36x50.png 36w, https:\/\/hoegy.de\/homepage\/hgy-media\/smvlogo_svgexport.png 928w\" data-sizes=\"auto, (max-width: 142px) 100vw, 142px\" src=\"data:image\/svg+xml;base64,PHN2ZyB3aWR0aD0iMSIgaGVpZ2h0PSIxIiB4bWxucz0iaHR0cDovL3d3dy53My5vcmcvMjAwMC9zdmciPjwvc3ZnPg==\" style=\"--smush-placeholder-width: 142px; --smush-placeholder-aspect-ratio: 142\/200;\" \/><\/div><\/div><\/div><\/div><\/div><\/div><\/div><\/section><section class=\"l-section wpb_row us_custom_c70c97eb height_small with_shape\"><div class=\"l-section-shape type_triangle pos_bottom\" style=\"height:15vmin;\"><svg xmlns=\"http:\/\/www.w3.org\/2000\/svg\" viewBox=\"0 0 64 8\" preserveAspectRatio=\"none\" width=\"100%\" height=\"100%\">\r\n\t<path fill=\"currentColor\" d=\"M64 8 L0 8 L0 0 L32 7.9 L64 0 Z\"\/>\r\n<\/svg><\/div><div class=\"l-section-h i-cf\"><div class=\"g-cols vc_row via_flex valign_top type_default stacking_default\"><div class=\"vc_col-sm-12 wpb_column vc_column_container\"><div class=\"vc_column-inner\"><div class=\"wpb_wrapper\"><div class=\"w-image align_none\"><div class=\"w-image-h\"><img decoding=\"async\" width=\"2560\" height=\"2560\" src=\"https:\/\/hoegy.de\/homepage\/hgy-media\/D34A60812-scaled.avif\" class=\"attachment-full size-full\" alt=\"\" loading=\"lazy\" srcset=\"https:\/\/hoegy.de\/homepage\/hgy-media\/D34A60812-scaled.avif 2560w, https:\/\/hoegy.de\/homepage\/hgy-media\/D34A60812-200x200.avif 200w, https:\/\/hoegy.de\/homepage\/hgy-media\/D34A60812-1024x1024.avif 1024w, https:\/\/hoegy.de\/homepage\/hgy-media\/D34A60812-150x150.avif 150w, https:\/\/hoegy.de\/homepage\/hgy-media\/D34A60812-595x595.avif 595w, https:\/\/hoegy.de\/homepage\/hgy-media\/D34A60812-50x50.avif 50w, https:\/\/hoegy.de\/homepage\/hgy-media\/D34A60812-100x100.avif 100w\" sizes=\"auto, (max-width: 2560px) 100vw, 2560px\" \/><\/div><\/div><div class=\"w-separator size_large\"><\/div><div class=\"wpb_text_column us_custom_eb849559\"><div class=\"wpb_wrapper\"><p>\u00dcber das Men\u00fc (unten) erhaltet Ihr alle wichtigen Informationen rund um das Sch\u00fclersprecherteam, die Verbindungslehrer als auch die einzelnen AKs (Arbeitskreise):<\/p>\n<\/div><\/div><div class=\"w-separator size_huge\"><\/div><\/div><\/div><\/div><\/div><\/div><\/section>\n","protected":false},"excerpt":{"rendered":"Hey, wir sind die SMV (Sch\u00fcler mit Verantwortung) des H\u00f6Gy \ud83d\ude42 \u00dcber das Men\u00fc (unten) erhaltet Ihr alle wichtigen Informationen rund um das Sch\u00fclersprecherteam, die Verbindungslehrer als auch die einzelnen AKs (Arbeitskreise):","protected":false},"author":2,"featured_media":6494,"parent":25,"menu_order":2,"comment_status":"closed","ping_status":"closed","template":"","meta":{"footnotes":""},"class_list":["post-230","page","type-page","status-publish","has-post-thumbnail","hentry"],"publishpress_future_action":{"enabled":false,"date":"2026-04-24 10:43:08","action":"change-status","newStatus":"draft","terms":[],"taxonomy":"","extraData":[]},"publishpress_future_workflow_manual_trigger":{"enabledWorkflows":[]},"_links":{"self":[{"href":"https:\/\/hoegy.de\/homepage\/wp-json\/wp\/v2\/pages\/230","targetHints":{"allow":["GET"]}}],"collection":[{"href":"https:\/\/hoegy.de\/homepage\/wp-json\/wp\/v2\/pages"}],"about":[{"href":"https:\/\/hoegy.de\/homepage\/wp-json\/wp\/v2\/types\/page"}],"author":[{"embeddable":true,"href":"https:\/\/hoegy.de\/homepage\/wp-json\/wp\/v2\/users\/2"}],"replies":[{"embeddable":true,"href":"https:\/\/hoegy.de\/homepage\/wp-json\/wp\/v2\/comments?post=230"}],"version-history":[{"count":62,"href":"https:\/\/hoegy.de\/homepage\/wp-json\/wp\/v2\/pages\/230\/revisions"}],"predecessor-version":[{"id":15109,"href":"https:\/\/hoegy.de\/homepage\/wp-json\/wp\/v2\/pages\/230\/revisions\/15109"}],"up":[{"embeddable":true,"href":"https:\/\/hoegy.de\/homepage\/wp-json\/wp\/v2\/pages\/25"}],"wp:featuredmedia":[{"embeddable":true,"href":"https:\/\/hoegy.de\/homepage\/wp-json\/wp\/v2\/media\/6494"}],"wp:attachment":[{"href":"https:\/\/hoegy.de\/homepage\/wp-json\/wp\/v2\/media?parent=230"}],"curies":[{"name":"wp","href":"https:\/\/api.w.org\/{rel}","templated":true}]}}