{"id":3107,"date":"2020-02-12T07:53:43","date_gmt":"2020-02-12T06:53:43","guid":{"rendered":"https:\/\/hoegy.de\/homepage\/?page_id=3107"},"modified":"2026-02-01T20:12:16","modified_gmt":"2026-02-01T19:12:16","slug":"hausordnung-pausenregelung","status":"publish","type":"page","link":"https:\/\/hoegy.de\/homepage\/das-hoegy\/regeln\/hausordnung-pausenregelung\/","title":{"rendered":"Unsere Verhaltensregeln und unsere Hausordnung"},"content":{"rendered":"<section class=\"l-section wpb_row height_small\"><div class=\"l-section-h i-cf\"><div class=\"g-cols vc_row via_flex valign_top type_default stacking_default\"><div class=\"vc_col-sm-12 wpb_column vc_column_container\"><div class=\"vc_column-inner\"><div class=\"wpb_wrapper\"><div class=\"wpb_text_column\"><div class=\"wpb_wrapper\"><h2><span style=\"font-family: inherit; font-size: 16px;\">Unsere Big Five am H\u00f6Gy<\/span><\/h2>\n<p><span>\u25a0<\/span><span> Handyfreie Schule <\/span><span>\u25a0<\/span><\/p>\n<p><span>Am H\u00f6Gy genie\u00dfen wir echte Begegnungen. Handys <\/span><span>bleiben ausgeschaltet und nicht sichtbar \u2013 so haben <\/span><span>wir den Kopf frei f\u00fcreinander.<\/span><\/p>\n<p><span>\u25a0<\/span><span> Gro\u00dfe Pause <\/span><span>\u25a0<\/span><\/p>\n<p><span>Unsere Pause verbringen wir gemeinsam auf dem <\/span>Schulgel\u00e4nde. Nur die Kursstufe darf es verlassen. So bleiben wir sicher und beieinander.<\/p>\n<p><span>\u25a0<\/span><span> Sauberkeit <\/span><span>\u25a0<\/span><\/p>\n<p><span>Wir halten unsere Schule sauber, benutzen die <\/span>M\u00fcllbeh\u00e4lter und gehen sorgsam mit M\u00f6beln und R\u00e4umen um. Denn es ist UNSERE Schule!<\/p>\n<p><span>\u25a0<\/span><span> H\u00f6flichkeit &amp; Respekt <\/span><span>\u25a0<\/span><\/p>\n<p><span>Wir gr\u00fc\u00dfen uns freundlich, gehen respektvoll <\/span>miteinander um und schlie\u00dfen niemanden aus. So schaffen wir eine starke Gemeinschaft.<\/p>\n<p><span>\u25a0<\/span><span> Unterricht <\/span><span>\u25a0<\/span><\/p>\n<p><span>Alle haben das Recht auf ungest\u00f6rten Unterricht. Wir <\/span><span>achten darauf, dass jede und jeder gut lernen und jede <\/span>Lehrkraft gut unterrichten kann.<\/p>\n<p><span style=\"font-family: inherit; font-size: 16px;\"><br \/>\nDie <strong>vollst\u00e4ndige Hausordnung<\/strong> im offiziellen Wortlaut findet sich<\/span> <a href=\"https:\/\/hoegy.de\/homepage\/hgy-media\/Hausordnung_25_Endfassung_GLK.pdf\">hier<\/a>.<\/p>\n<\/div><\/div><\/div><\/div><\/div><\/div><\/div><\/section>\n","protected":false},"excerpt":{"rendered":"Unsere Big Five am H\u00f6Gy \u25a0 Handyfreie Schule \u25a0 Am H\u00f6Gy genie\u00dfen wir echte Begegnungen. Handys bleiben ausgeschaltet und nicht sichtbar \u2013 so haben wir den Kopf frei f\u00fcreinander. \u25a0 Gro\u00dfe Pause \u25a0 Unsere Pause verbringen wir gemeinsam auf dem Schulgel\u00e4nde. Nur die Kursstufe darf es verlassen. So bleiben wir sicher und beieinander. \u25a0 Sauberkeit...","protected":false},"author":1,"featured_media":0,"parent":15161,"menu_order":1,"comment_status":"closed","ping_status":"closed","template":"","meta":{"footnotes":""},"class_list":["post-3107","page","type-page","status-publish","hentry"],"publishpress_future_action":{"enabled":false,"date":"2026-05-21 10:48:35","action":"change-status","newStatus":"draft","terms":[],"taxonomy":"","extraData":[]},"publishpress_future_workflow_manual_trigger":{"enabledWorkflows":[]},"_links":{"self":[{"href":"https:\/\/hoegy.de\/homepage\/wp-json\/wp\/v2\/pages\/3107","targetHints":{"allow":["GET"]}}],"collection":[{"href":"https:\/\/hoegy.de\/homepage\/wp-json\/wp\/v2\/pages"}],"about":[{"href":"https:\/\/hoegy.de\/homepage\/wp-json\/wp\/v2\/types\/page"}],"author":[{"embeddable":true,"href":"https:\/\/hoegy.de\/homepage\/wp-json\/wp\/v2\/users\/1"}],"replies":[{"embeddable":true,"href":"https:\/\/hoegy.de\/homepage\/wp-json\/wp\/v2\/comments?post=3107"}],"version-history":[{"count":33,"href":"https:\/\/hoegy.de\/homepage\/wp-json\/wp\/v2\/pages\/3107\/revisions"}],"predecessor-version":[{"id":14925,"href":"https:\/\/hoegy.de\/homepage\/wp-json\/wp\/v2\/pages\/3107\/revisions\/14925"}],"up":[{"embeddable":true,"href":"https:\/\/hoegy.de\/homepage\/wp-json\/wp\/v2\/pages\/15161"}],"wp:attachment":[{"href":"https:\/\/hoegy.de\/homepage\/wp-json\/wp\/v2\/media?parent=3107"}],"curies":[{"name":"wp","href":"https:\/\/api.w.org\/{rel}","templated":true}]}}