{"id":402,"date":"2018-10-17T14:05:59","date_gmt":"2018-10-17T12:05:59","guid":{"rendered":"https:\/\/hoegy.de\/homepage\/?page_id=402"},"modified":"2025-01-28T10:09:50","modified_gmt":"2025-01-28T09:09:50","slug":"hausaufgabenbetreuuung","status":"publish","type":"page","link":"https:\/\/hoegy.de\/homepage\/schulangebote\/ganztagesschule\/hausaufgabenbetreuuung\/","title":{"rendered":"GTS-Zeit"},"content":{"rendered":"<section class=\"l-section wpb_row height_small\"><div class=\"l-section-h i-cf\"><div class=\"g-cols vc_row via_flex valign_top type_default stacking_default\"><div class=\"vc_col-sm-6 wpb_column vc_column_container\"><div class=\"vc_column-inner\"><div class=\"wpb_wrapper\"><div class=\"wpb_text_column\"><div class=\"wpb_wrapper\"><p>F\u00fcr alle, die am Nachmittag zu Hause alleine w\u00e4ren oder die ihre Hausaufgaben gerne in einer ruhigen, konzentrierten Atmosph\u00e4re mit kompetenter Unterst\u00fctzung machen wollen, gibt es am H\u00f6Gy von <strong>Montag bis Donnerstag jeweils von 13.45 Uhr bis 15.15 Uhr<\/strong> im Raum G 13 (auf der Empore oberhalb der Mensa) das Angebot der GTS-Zeit.<br \/>\nNach Erledigung der Hausaufgaben bieten der angrenzende GTS-Raum (G11) und die B\u00fccherei (G12) M\u00f6glichkeiten zum Lesen und Schm\u00f6kern, zum Spielen, Basteln oder einfach nur Entspannen.<\/p>\n<p>Die Betreuung erfolgt durch unsere FSJlerin, die von geschulten Oberstufensch\u00fclerinnen und -sch\u00fclern unterst\u00fctzt wird.<\/p>\n<p>Um die Betreuung zu organisieren, ist grunds\u00e4tzlich eine Anmeldung f\u00fcr das Angebot erw\u00fcnscht. Sch\u00fclerinnen und Sch\u00fcler, die spontan eine Betreuung ben\u00f6tigen oder w\u00fcnschen, sind aber auch jederzeit herzlich willkommen!<\/p>\n<p>Unserer Betreuung ist kostenlos.<\/p>\n<p>Ansprechpartnerin: Frau Zimmermann<\/p>\n<\/div><\/div><div class=\"wpfd-wpbakery-single-file  \" id=\"\" ><div class=\"wpfd-single-file\">\n    <div class=\"wpfd-single-file--icon\">\n            <a href=\"https:\/\/hoegy.de\/homepage\/hgy-admin\/admin-ajax.php?juwpfisadmin&#x3D;false&amp;action&#x3D;wpfd&amp;task&#x3D;file.download&amp;wpfd_category_id&#x3D;73&amp;wpfd_file_id&#x3D;9020&amp;token&#x3D;&amp;preview&#x3D;1\" alt=\"Hausaufgabenbetreuung-Regeln\" class=\"wpfdlightbox\">\n            <div class=\"wpfd-icon-placeholder lazyload\" style=\"background-image:inherit;border-radius: 4%;box-shadow: 0px 0px 0px 0px transparent;background-color: #CB0606;border: 0px solid ;background-size: 100%;\" data-bg-image=\"url(&quot;https:\/\/hoegy.de\/homepage\/hgy-apps\/wp-file-download\/app\/site\/assets\/icons\/svg\/pdf.svg&quot;)\"><\/div>\n        <\/a>\n    <\/div>\n\n    <div class=\"wpfd-single-file--details wpfd-file-content\">\n                        <h3 class=\"wpfd-file-content--title\"><a href=\"https:\/\/hoegy.de\/homepage\/download\/73\/ganztagesschule-gts\/9020\/hausaufgabenbetreuung-regeln.pdf\" style=\"text-decoration: none\">Hausaufgabenbetreuung-Regeln<\/a><\/h3>\n        <div class=\"wpfd-file-content--meta\">\n                    <div>Dateigr\u00f6\u00dfe: 94.84 KB<\/div>\n                    <div>Erstellungsdatum: 02.09.2022<\/div>\n                    <div>Aktualisiert: 02.09.2022<\/div>\n                    <div>Aufrufe: 1526<\/div>\n        <\/div>\n    <\/div>\n    <div class=\"wpfd-single-file--buttons\">\n                                <a href=\"https:\/\/hoegy.de\/homepage\/download\/73\/ganztagesschule-gts\/9020\/hausaufgabenbetreuung-regeln.pdf\"  data-id=\"9020\" title=\"Hausaufgabenbetreuung-Regeln\" class=\"noLightbox wpfd_downloadlink wpfd-single-file-button wpfd-button-download\">\n                    <svg xmlns=\"http:\/\/www.w3.org\/2000\/svg\" width=\"38\" height=\"38\" viewBox=\"0 0 400 400\"><g fill=\"#ffffff\"><path d=\"M178 234v-7V24c0-13 8-23 20-24 13-1 24 9 24 23v212l5-5 44-44c10-9 23-10 32-1s9 23-1 33l-85 85c-10 11-23 11-34 0l-85-86a22 22 0 0123-37 28 28 0 018 6l44 44a31 31 0 013 5zM200 400H24c-17 0-28-14-23-29 3-10 12-15 23-16h351c12 0 21 6 24 16 5 15-6 29-22 29H200z\"\/><\/g><\/svg>\n                    <span>Herunterladen<\/span>\n                <\/a>\n                    <a href=\"https:\/\/hoegy.de\/homepage\/hgy-admin\/admin-ajax.php?juwpfisadmin&#x3D;false&amp;action&#x3D;wpfd&amp;task&#x3D;file.download&amp;wpfd_category_id&#x3D;73&amp;wpfd_file_id&#x3D;9020&amp;token&#x3D;&amp;preview&#x3D;1\" class=\"wpfd-single-file-button wpfd-button-preview wpfdlightbox\">\n                        <svg xmlns=\"http:\/\/www.w3.org\/2000\/svg\" width=\"38\" height=\"38\" viewBox=\"0 0 400 400\"><g fill=\"#ffffff\"><path d=\"M0 200V55C0 28 16 8 41 2a63 63 0 0115-2h289c32 0 55 23 55 54v248c0 10-6 16-15 16-8 0-14-6-14-16V56c0-16-11-27-28-27H57c-18 0-28 9-28 28v286c0 19 10 28 28 28h243c11 0 18 6 18 15s-7 14-18 14H56c-28 0-49-16-55-41a67 67 0 01-1-15V200z\"\/><path d=\"M314 302l15 15 52 51c7 7 7 14 2 20-6 6-13 5-20-2l-67-65a11 11 0 00-1-1 104 104 0 01-149-26c-29-43-20-99 20-133 39-33 99-31 137 4 38 34 45 93 11 137zm-159-64c-1 42 34 77 77 77 42 1 78-33 78-75 1-42-34-77-75-77-44-1-79 32-80 75z\"\/><\/g><\/svg>\n                        <span>Vorschau<\/span>\n                    <\/a>\n    <\/div>\n<\/div>\n<\/div><\/div><\/div><\/div><div class=\"vc_col-sm-6 wpb_column vc_column_container\"><div class=\"vc_column-inner\"><div class=\"wpb_wrapper\"><div class=\"w-slider style_none fit_scaledown nav_none count_3\"><div class=\"w-slider-h\" aria-hidden=\"true\"><div class=\"royalSlider\"><div class=\"rsContent\"><a class=\"rsImg\" data-rsw=\"1024\" data-rsh=\"683\" data-rsBigImg=\"https:\/\/hoegy.de\/homepage\/hgy-media\/3-4-scaled.jpg\" href=\"https:\/\/hoegy.de\/homepage\/hgy-media\/3-4-1024x683.jpg\"><span data-alt=\"\"><\/span><\/a><\/div><div class=\"rsContent\"><a class=\"rsImg\" data-rsw=\"1024\" data-rsh=\"683\" data-rsBigImg=\"https:\/\/hoegy.de\/homepage\/hgy-media\/2-7-scaled.jpg\" href=\"https:\/\/hoegy.de\/homepage\/hgy-media\/2-7-1024x683.jpg\"><span data-alt=\"\"><\/span><\/a><\/div><div class=\"rsContent\"><a class=\"rsImg\" data-rsw=\"1024\" data-rsh=\"617\" data-rsBigImg=\"https:\/\/hoegy.de\/homepage\/hgy-media\/1-9-scaled.jpg\" href=\"https:\/\/hoegy.de\/homepage\/hgy-media\/1-9-1024x617.jpg\"><span data-alt=\"\"><\/span><\/a><\/div><\/div><img decoding=\"async\" data-src=\"https:\/\/hoegy.de\/homepage\/hgy-media\/3-4-1024x683.jpg\" width=\"1024\" height=\"683\" alt src=\"data:image\/svg+xml;base64,PHN2ZyB3aWR0aD0iMSIgaGVpZ2h0PSIxIiB4bWxucz0iaHR0cDovL3d3dy53My5vcmcvMjAwMC9zdmciPjwvc3ZnPg==\" class=\"lazyload\" style=\"--smush-placeholder-width: 1024px; --smush-placeholder-aspect-ratio: 1024\/683;\"><\/div><div class=\"w-slider-json\" onclick='return {&quot;autoScaleSlider&quot;:true,&quot;addActiveClass&quot;:true,&quot;loop&quot;:true,&quot;fadeInLoadedSlide&quot;:false,&quot;slidesSpacing&quot;:0,&quot;imageScalePadding&quot;:0,&quot;numImagesToPreload&quot;:2,&quot;arrowsNav&quot;:true,&quot;arrowsNavAutoHide&quot;:false,&quot;transitionType&quot;:&quot;move&quot;,&quot;transitionSpeed&quot;:250,&quot;block&quot;:{&quot;moveEffect&quot;:&quot;none&quot;,&quot;speed&quot;:300},&quot;thumbs&quot;:{&quot;fitInViewport&quot;:false,&quot;firstMargin&quot;:false,&quot;spacing&quot;:4},&quot;controlNavigation&quot;:&quot;none&quot;,&quot;fullscreen&quot;:{&quot;enabled&quot;:true},&quot;autoScaleSliderWidth&quot;:1024,&quot;autoScaleSliderHeight&quot;:683}'><\/div><\/div><\/div><\/div><\/div><\/div><\/div><\/section>\n","protected":false},"excerpt":{"rendered":"F\u00fcr alle, die am Nachmittag zu Hause alleine w\u00e4ren oder die ihre Hausaufgaben gerne in einer ruhigen, konzentrierten Atmosph\u00e4re mit kompetenter Unterst\u00fctzung machen wollen, gibt es am H\u00f6Gy von Montag bis Donnerstag jeweils von 13.45 Uhr bis 15.15 Uhr im Raum G 13 (auf der Empore oberhalb der Mensa) das Angebot der GTS-Zeit. Nach Erledigung...","protected":false},"author":1,"featured_media":0,"parent":34,"menu_order":3,"comment_status":"closed","ping_status":"closed","template":"","meta":{"footnotes":""},"class_list":["post-402","page","type-page","status-publish","hentry"],"publishpress_future_action":{"enabled":false,"date":"2026-05-08 04:10:45","action":"change-status","newStatus":"draft","terms":[],"taxonomy":"","extraData":[]},"publishpress_future_workflow_manual_trigger":{"enabledWorkflows":[]},"_links":{"self":[{"href":"https:\/\/hoegy.de\/homepage\/wp-json\/wp\/v2\/pages\/402","targetHints":{"allow":["GET"]}}],"collection":[{"href":"https:\/\/hoegy.de\/homepage\/wp-json\/wp\/v2\/pages"}],"about":[{"href":"https:\/\/hoegy.de\/homepage\/wp-json\/wp\/v2\/types\/page"}],"author":[{"embeddable":true,"href":"https:\/\/hoegy.de\/homepage\/wp-json\/wp\/v2\/users\/1"}],"replies":[{"embeddable":true,"href":"https:\/\/hoegy.de\/homepage\/wp-json\/wp\/v2\/comments?post=402"}],"version-history":[{"count":9,"href":"https:\/\/hoegy.de\/homepage\/wp-json\/wp\/v2\/pages\/402\/revisions"}],"predecessor-version":[{"id":13248,"href":"https:\/\/hoegy.de\/homepage\/wp-json\/wp\/v2\/pages\/402\/revisions\/13248"}],"up":[{"embeddable":true,"href":"https:\/\/hoegy.de\/homepage\/wp-json\/wp\/v2\/pages\/34"}],"wp:attachment":[{"href":"https:\/\/hoegy.de\/homepage\/wp-json\/wp\/v2\/media?parent=402"}],"curies":[{"name":"wp","href":"https:\/\/api.w.org\/{rel}","templated":true}]}}