{"id":543,"date":"2018-10-17T20:01:48","date_gmt":"2018-10-17T18:01:48","guid":{"rendered":"https:\/\/hoegy.de\/homepage\/?page_id=543"},"modified":"2022-08-11T15:04:17","modified_gmt":"2022-08-11T13:04:17","slug":"die-energie-der-sonne-nutzen","status":"publish","type":"page","link":"https:\/\/hoegy.de\/homepage\/schulgemeinschaft\/solarverein\/die-energie-der-sonne-nutzen\/","title":{"rendered":"Die Energie der Sonne nutzen"},"content":{"rendered":"<h2>Die Energie der Sonne nutzen<\/h2>\n<p>Mit Halbleitern (Silizium) kann die Energie des Sonnenlichts direkt in elektrische Energie umgewandelt werden. Dabei wird Gleichspannung erzeugt, die in Wechselrichtern so in Wechselspannung umgewandelt wird, dass sie in das \u00f6ffentliche Netz eingespeist werden kann.<\/p>\n<p>Auf dem Flachdach des neuen\u00a0 H\u00f6Gy-Ganztageshauses\u00a0haben wir eine\u00a0Photovoltaik-Anlage mit einer Spitzenleistung von rund 24\u00a0kWp aufgebaut. Damit k\u00f6nnen wir einen durchschnittlichen Jahresertrag von jeweils rund 24.000 kWh erwarten.<\/p>\n<ul>\n<li>\n<h4>F\u00fcr die Umwelt<\/h4>\n<p>Wir ersparen damit der Atmosph\u00e4re und uns nicht nur erhebliche Mengen des klimasch\u00e4dlichen Kohlendioxidgases, sondern auch andere Schadstoffe.<\/li>\n<li>\n<h4>F\u00fcr die Sch\u00fcler<\/h4>\n<p>Eine Photovoltaikanlage auf dem H\u00f6Gy-Schuldach ist f\u00fcr die Sch\u00fcler ein tolles Anschauungsobjekt f\u00fcr die umweltfreundliche Nutzung der Zukunftsenergie Sonne.<\/li>\n<li>\n<h4>F\u00fcr das H\u00f6Gy<\/h4>\n<p>Bei einer Anlage dieser Art ist mit einer Betriebsdauer von mindesten 25 Jahren zu rechnen. F\u00fcr die ersten 20 Betriebsjahre ist die Einspeiseverg\u00fctung garantiert, so dass das wirtschaftliche Risiko minimal ist.<\/p>\n<p>Nach dem 1. Betriebsjahr k\u00f6nnen wir mit den kWh-Ertr\u00e4gen sehr zufrieden sein, unsere Vorabkalkulation wurde leicht \u00fcbertroffen. Wenn diese Resultate in den n\u00e4chsten Jahren in dieser Gr\u00f6\u00dfenordnung konstant bleiben, ist das Vereinsziel der F\u00f6rderung von Schule und schulischen Projekten voll umgesetzt.<\/li>\n<\/ul>\n","protected":false},"excerpt":{"rendered":"<p>Die Energie der Sonne nutzen Mit Halbleitern (Silizium) kann die Energie des Sonnenlichts direkt in elektrische Energie umgewandelt werden. Dabei wird Gleichspannung erzeugt, die in Wechselrichtern so in Wechselspannung umgewandelt wird, dass sie in das \u00f6ffentliche Netz eingespeist werden kann. Auf dem Flachdach des neuen\u00a0 H\u00f6Gy-Ganztageshauses\u00a0haben wir eine\u00a0Photovoltaik-Anlage mit einer Spitzenleistung von rund 24\u00a0kWp aufgebaut&#8230;.<\/p>\n","protected":false},"author":2,"featured_media":0,"parent":8411,"menu_order":2,"comment_status":"closed","ping_status":"closed","template":"","meta":{"footnotes":""},"class_list":["post-543","page","type-page","status-publish","hentry"],"publishpress_future_action":{"enabled":false,"date":"2026-04-26 11:18:41","action":"change-status","newStatus":"draft","terms":[],"taxonomy":"","extraData":[]},"publishpress_future_workflow_manual_trigger":{"enabledWorkflows":[]},"_links":{"self":[{"href":"https:\/\/hoegy.de\/homepage\/wp-json\/wp\/v2\/pages\/543","targetHints":{"allow":["GET"]}}],"collection":[{"href":"https:\/\/hoegy.de\/homepage\/wp-json\/wp\/v2\/pages"}],"about":[{"href":"https:\/\/hoegy.de\/homepage\/wp-json\/wp\/v2\/types\/page"}],"author":[{"embeddable":true,"href":"https:\/\/hoegy.de\/homepage\/wp-json\/wp\/v2\/users\/2"}],"replies":[{"embeddable":true,"href":"https:\/\/hoegy.de\/homepage\/wp-json\/wp\/v2\/comments?post=543"}],"version-history":[{"count":1,"href":"https:\/\/hoegy.de\/homepage\/wp-json\/wp\/v2\/pages\/543\/revisions"}],"predecessor-version":[{"id":544,"href":"https:\/\/hoegy.de\/homepage\/wp-json\/wp\/v2\/pages\/543\/revisions\/544"}],"up":[{"embeddable":true,"href":"https:\/\/hoegy.de\/homepage\/wp-json\/wp\/v2\/pages\/8411"}],"wp:attachment":[{"href":"https:\/\/hoegy.de\/homepage\/wp-json\/wp\/v2\/media?parent=543"}],"curies":[{"name":"wp","href":"https:\/\/api.w.org\/{rel}","templated":true}]}}