{"id":62,"date":"2018-06-13T22:50:18","date_gmt":"2018-06-13T20:50:18","guid":{"rendered":"https:\/\/hoegy.de\/homepage\/?page_id=62"},"modified":"2025-02-28T23:27:02","modified_gmt":"2025-02-28T22:27:02","slug":"schulleitung","status":"publish","type":"page","link":"https:\/\/hoegy.de\/homepage\/das-hoegy\/unsere-schule\/schulleitung\/","title":{"rendered":"Schulleitung"},"content":{"rendered":"<section class=\"l-section wpb_row height_small\"><div class=\"l-section-h i-cf\"><div class=\"g-cols vc_row via_flex valign_top type_default stacking_default\"><div class=\"vc_col-sm-12 wpb_column vc_column_container\"><div class=\"vc_column-inner\"><div class=\"wpb_wrapper\"><div class=\"wpb_text_column\"><div class=\"wpb_wrapper\"><h3><strong>Gru\u00dfwort der Schulleitung<\/strong><\/h3>\n<p>Sch\u00f6n, dass Sie sich f\u00fcr das H\u00f6Gy interessieren. So nennen Einheimische liebevoll unser H\u00f6lderlin-Gymnasium auf dem Lerchenberg.<img decoding=\"async\" class=\"wp-image-13036 alignright lazyload\" data-src=\"https:\/\/hoegy.de\/homepage\/hgy-media\/IMG_4708-mid-heller-scaled.jpg\" alt=\"\" width=\"663\" height=\"442\" data-srcset=\"https:\/\/hoegy.de\/homepage\/hgy-media\/IMG_4708-mid-heller-scaled.jpg 2560w, https:\/\/hoegy.de\/homepage\/hgy-media\/IMG_4708-mid-heller-200x133.jpg 200w, https:\/\/hoegy.de\/homepage\/hgy-media\/IMG_4708-mid-heller-1024x683.jpg 1024w, https:\/\/hoegy.de\/homepage\/hgy-media\/IMG_4708-mid-heller-600x400.jpg 600w, https:\/\/hoegy.de\/homepage\/hgy-media\/IMG_4708-mid-heller-50x33.jpg 50w\" data-sizes=\"(max-width: 663px) 100vw, 663px\" src=\"data:image\/svg+xml;base64,PHN2ZyB3aWR0aD0iMSIgaGVpZ2h0PSIxIiB4bWxucz0iaHR0cDovL3d3dy53My5vcmcvMjAwMC9zdmciPjwvc3ZnPg==\" style=\"--smush-placeholder-width: 663px; --smush-placeholder-aspect-ratio: 663\/442;\" \/><\/p>\n<h4><strong>Was kennzeichnet unser Zusammenleben am H\u00f6Gy?<\/strong><\/h4>\n<ul>\n<li>echt UND pers\u00f6nlich<\/li>\n<li>kreativ UND organisiert<\/li>\n<li>gro\u00dfes Engagement UND Entspannung plus Feiern<\/li>\n<\/ul>\n<h4><strong>Was bieten wir unseren neuen F\u00fcnfern?<\/strong><\/h4>\n<ul>\n<li>bilingualer Zug (Bili) ab Klasse 5 (zuerst verst\u00e4rkter Englischunterricht, sp\u00e4ter Sachf\u00e4cher auf Englisch!)<\/li>\n<li>Bl\u00e4serklasse und Musikvorprofil<\/li>\n<li>Einschulung mit herausragendem Sommerfest f\u00fcr Aktive und Ehemalige<\/li>\n<li>H\u00f6Gy-Projekttage \u201eGemeinsam Klasse sein!\u201c f\u00fcr neue F\u00fcnfer mit Abschlussfest und Baumpflanzaktion<\/li>\n<li>Sch\u00fcler-Paten aus Klassen 9 f\u00fcr die Klassen 5<\/li>\n<li>offenes Ganztagesangebot mit Hausaufgabenbetreuung, Spieleausleihe, zahlreichen AGs<\/li>\n<li>Mentoring f\u00fcr Klassenstufen 5 bis 10<\/li>\n<li>F\u00f6rderangebote in Deutsch und Mathematik<\/li>\n<\/ul>\n<h4><strong>Was sind die Besonderheiten unserer Schule?<\/strong><\/h4>\n<ul>\n<li>Lage im Gr\u00fcnen mit gro\u00dfem Au\u00dfengel\u00e4nde<\/li>\n<li>Konzept \u201eVerantwortung \u00fcbernehmen\u201c (St\u00e4rkung der Pers\u00f6nlichkeit, Resilienz)<\/li>\n<li>Musik-Profil (viele hochkar\u00e4tige Ensembles)<\/li>\n<li>Spanisch-Profil (Weltsprache!)<\/li>\n<li>\u00fcbersichtliches, gro\u00dfz\u00fcgiges und individuelles Beratungsangebot<\/li>\n<li>Ruheoase im \u201eRaum der Stille\u201c<\/li>\n<li>fantastische, leckere Mensa (frische gesunde K\u00fcche, kein Caterer!)<\/li>\n<li>\u201eSporttag im Winter\u201c mit vielf\u00e4ltigen Angeboten<\/li>\n<li>Sporttage der SMV am Schuljahresende<\/li>\n<\/ul>\n<h4><strong>Highlights im Schuljahr 2024\/25:<\/strong><\/h4>\n<ul>\n<li>\u201eUnited State of H\u00f6lderlin\u201c \u2013 Schule als Staat vom 04. bis 08.02.2025<\/li>\n<li>Musical \u201eEmil und die Detektive\u201c am 26. und 28.06.2025<\/li>\n<\/ul>\n<p>Herzlich willkommen in unserer bunten H\u00f6Gy-Welt auf dem Lerchenberg!<\/p>\n<p>Wir freuen uns auf Sie!<\/p>\n<p><em>Beate Selb und J\u00f6rg Bauer<\/em><\/p>\n<h3>Erweiterte Schulleitung<\/h3>\n<\/div><\/div><\/div><\/div><\/div><\/div><\/div><\/section><section class=\"l-section wpb_row height_small\"><div class=\"l-section-h i-cf\"><div class=\"g-cols vc_row via_flex valign_top type_default stacking_default\"><div class=\"vc_col-sm-12 wpb_column vc_column_container\"><div class=\"vc_column-inner\"><div class=\"wpb_wrapper\"><div class=\"w-image us_custom_26c02ba5 us_animate_this style_shadow-1 align_center\"><a ref=\"magnificPopup\" href=\"https:\/\/hoegy.de\/homepage\/hgy-media\/IMG_4679-small-heller.jpg\" aria-label=\"IMG_4679 small heller\" class=\"w-image-h\"><img decoding=\"async\" width=\"1024\" height=\"683\" data-src=\"https:\/\/hoegy.de\/homepage\/hgy-media\/IMG_4679-small-heller-1024x683.jpg\" class=\"attachment-large size-large lazyload\" alt=\"\" data-srcset=\"https:\/\/hoegy.de\/homepage\/hgy-media\/IMG_4679-small-heller-1024x683.jpg 1024w, https:\/\/hoegy.de\/homepage\/hgy-media\/IMG_4679-small-heller-200x133.jpg 200w, https:\/\/hoegy.de\/homepage\/hgy-media\/IMG_4679-small-heller-600x400.jpg 600w, https:\/\/hoegy.de\/homepage\/hgy-media\/IMG_4679-small-heller-50x33.jpg 50w\" data-sizes=\"auto, (max-width: 1024px) 100vw, 1024px\" src=\"data:image\/svg+xml;base64,PHN2ZyB3aWR0aD0iMSIgaGVpZ2h0PSIxIiB4bWxucz0iaHR0cDovL3d3dy53My5vcmcvMjAwMC9zdmciPjwvc3ZnPg==\" style=\"--smush-placeholder-width: 1024px; --smush-placeholder-aspect-ratio: 1024\/683;\" \/><\/a><\/div><div class=\"wpb_text_column\"><div class=\"wpb_wrapper\"><p>Von links nach rechts: Ulrich Munz (Abteilungsleiter), Thomas Gr\u00e4ber (Abteilungsleiter), Beate Selb (Schulleiterin), J\u00f6rg Bauer (stv. Schulleiter), Andreas L\u00e4nge (Abteilungsleiter), Jutta Taege-M\u00fcller (Abteilungsleiterin)<\/p>\n<p>&nbsp;<\/p>\n<\/div><\/div><\/div><\/div><\/div><\/div><\/div><\/section>\n","protected":false},"excerpt":{"rendered":"Gru\u00dfwort der Schulleitung Sch\u00f6n, dass Sie sich f\u00fcr das H\u00f6Gy interessieren. So nennen Einheimische liebevoll unser H\u00f6lderlin-Gymnasium auf dem Lerchenberg. Was kennzeichnet unser Zusammenleben am H\u00f6Gy? echt UND pers\u00f6nlich kreativ UND organisiert gro\u00dfes Engagement UND Entspannung plus Feiern Was bieten wir unseren neuen F\u00fcnfern? bilingualer Zug (Bili) ab Klasse 5 (zuerst verst\u00e4rkter Englischunterricht, sp\u00e4ter Sachf\u00e4cher...","protected":false},"author":1,"featured_media":13035,"parent":13495,"menu_order":2,"comment_status":"closed","ping_status":"closed","template":"","meta":{"footnotes":""},"class_list":["post-62","page","type-page","status-publish","has-post-thumbnail","hentry"],"publishpress_future_action":{"enabled":false,"date":"2026-05-04 12:58:27","action":"change-status","newStatus":"draft","terms":[],"taxonomy":"","extraData":[]},"publishpress_future_workflow_manual_trigger":{"enabledWorkflows":[]},"_links":{"self":[{"href":"https:\/\/hoegy.de\/homepage\/wp-json\/wp\/v2\/pages\/62","targetHints":{"allow":["GET"]}}],"collection":[{"href":"https:\/\/hoegy.de\/homepage\/wp-json\/wp\/v2\/pages"}],"about":[{"href":"https:\/\/hoegy.de\/homepage\/wp-json\/wp\/v2\/types\/page"}],"author":[{"embeddable":true,"href":"https:\/\/hoegy.de\/homepage\/wp-json\/wp\/v2\/users\/1"}],"replies":[{"embeddable":true,"href":"https:\/\/hoegy.de\/homepage\/wp-json\/wp\/v2\/comments?post=62"}],"version-history":[{"count":51,"href":"https:\/\/hoegy.de\/homepage\/wp-json\/wp\/v2\/pages\/62\/revisions"}],"predecessor-version":[{"id":13087,"href":"https:\/\/hoegy.de\/homepage\/wp-json\/wp\/v2\/pages\/62\/revisions\/13087"}],"up":[{"embeddable":true,"href":"https:\/\/hoegy.de\/homepage\/wp-json\/wp\/v2\/pages\/13495"}],"wp:featuredmedia":[{"embeddable":true,"href":"https:\/\/hoegy.de\/homepage\/wp-json\/wp\/v2\/media\/13035"}],"wp:attachment":[{"href":"https:\/\/hoegy.de\/homepage\/wp-json\/wp\/v2\/media?parent=62"}],"curies":[{"name":"wp","href":"https:\/\/api.w.org\/{rel}","templated":true}]}}

<section class="l-section wpb_row height_small"><div class="l-section-h i-cf"><div class="g-cols vc_row via_flex valign_top type_default stacking_default"><div class="vc_col-sm-12 wpb_column vc_column_container"><div class="vc_column-inner"><div class="wpb_wrapper"><div class="wpb_text_column"><div class="wpb_wrapper"><h3><strong>Grußwort der Schulleitung</strong></h3>
<p>Schön, dass Sie sich für das HöGy interessieren. So nennen Einheimische liebevoll unser Hölderlin-Gymnasium auf dem Lerchenberg.<img decoding="async" class="wp-image-13036 alignright lazyload" data-src="https://hoegy.de/homepage/hgy-media/IMG_4708-mid-heller-scaled.jpg" alt="" width="663" height="442" data-srcset="https://hoegy.de/homepage/hgy-media/IMG_4708-mid-heller-scaled.jpg 2560w, https://hoegy.de/homepage/hgy-media/IMG_4708-mid-heller-200x133.jpg 200w, https://hoegy.de/homepage/hgy-media/IMG_4708-mid-heller-1024x683.jpg 1024w, https://hoegy.de/homepage/hgy-media/IMG_4708-mid-heller-600x400.jpg 600w, https://hoegy.de/homepage/hgy-media/IMG_4708-mid-heller-50x33.jpg 50w" data-sizes="(max-width: 663px) 100vw, 663px" src="data:image/svg+xml;base64,PHN2ZyB3aWR0aD0iMSIgaGVpZ2h0PSIxIiB4bWxucz0iaHR0cDovL3d3dy53My5vcmcvMjAwMC9zdmciPjwvc3ZnPg==" style="--smush-placeholder-width: 663px; --smush-placeholder-aspect-ratio: 663/442;" /></p>
<h4><strong>Was kennzeichnet unser Zusammenleben am HöGy?</strong></h4>
<ul>
<li>echt UND persönlich</li>
<li>kreativ UND organisiert</li>
<li>großes Engagement UND Entspannung plus Feiern</li>
</ul>
<h4><strong>Was bieten wir unseren neuen Fünfern?</strong></h4>
<ul>
<li>bilingualer Zug (Bili) ab Klasse 5 (zuerst verstärkter Englischunterricht, später Sachfächer auf Englisch!)</li>
<li>Bläserklasse und Musikvorprofil</li>
<li>Einschulung mit herausragendem Sommerfest für Aktive und Ehemalige</li>
<li>HöGy-Projekttage „Gemeinsam Klasse sein!“ für neue Fünfer mit Abschlussfest und Baumpflanzaktion</li>
<li>Schüler-Paten aus Klassen 9 für die Klassen 5</li>
<li>offenes Ganztagesangebot mit Hausaufgabenbetreuung, Spieleausleihe, zahlreichen AGs</li>
<li>Mentoring für Klassenstufen 5 bis 10</li>
<li>Förderangebote in Deutsch und Mathematik</li>
</ul>
<h4><strong>Was sind die Besonderheiten unserer Schule?</strong></h4>
<ul>
<li>Lage im Grünen mit großem Außengelände</li>
<li>Konzept „Verantwortung übernehmen“ (Stärkung der Persönlichkeit, Resilienz)</li>
<li>Musik-Profil (viele hochkarätige Ensembles)</li>
<li>Spanisch-Profil (Weltsprache!)</li>
<li>übersichtliches, großzügiges und individuelles Beratungsangebot</li>
<li>Ruheoase im „Raum der Stille“</li>
<li>fantastische, leckere Mensa (frische gesunde Küche, kein Caterer!)</li>
<li>„Sporttag im Winter“ mit vielfältigen Angeboten</li>
<li>Sporttage der SMV am Schuljahresende</li>
</ul>
<h4><strong>Highlights im Schuljahr 2024/25:</strong></h4>
<ul>
<li>„United State of Hölderlin“ – Schule als Staat vom 04. bis 08.02.2025</li>
<li>Musical „Emil und die Detektive“ am 26. und 28.06.2025</li>
</ul>
<p>Herzlich willkommen in unserer bunten HöGy-Welt auf dem Lerchenberg!</p>
<p>Wir freuen uns auf Sie!</p>
<p><em>Beate Selb und Jörg Bauer</em></p>
<h3>Erweiterte Schulleitung</h3>
</div></div></div></div></div></div></div></section><section class="l-section wpb_row height_small"><div class="l-section-h i-cf"><div class="g-cols vc_row via_flex valign_top type_default stacking_default"><div class="vc_col-sm-12 wpb_column vc_column_container"><div class="vc_column-inner"><div class="wpb_wrapper"><div class="w-image us_custom_26c02ba5 us_animate_this style_shadow-1 align_center"><a ref="magnificPopup" href="https://hoegy.de/homepage/hgy-media/IMG_4679-small-heller.jpg" aria-label="IMG_4679 small heller" class="w-image-h"><img decoding="async" width="1024" height="683" data-src="https://hoegy.de/homepage/hgy-media/IMG_4679-small-heller-1024x683.jpg" class="attachment-large size-large lazyload" alt="" data-srcset="https://hoegy.de/homepage/hgy-media/IMG_4679-small-heller-1024x683.jpg 1024w, https://hoegy.de/homepage/hgy-media/IMG_4679-small-heller-200x133.jpg 200w, https://hoegy.de/homepage/hgy-media/IMG_4679-small-heller-600x400.jpg 600w, https://hoegy.de/homepage/hgy-media/IMG_4679-small-heller-50x33.jpg 50w" data-sizes="auto, (max-width: 1024px) 100vw, 1024px" src="data:image/svg+xml;base64,PHN2ZyB3aWR0aD0iMSIgaGVpZ2h0PSIxIiB4bWxucz0iaHR0cDovL3d3dy53My5vcmcvMjAwMC9zdmciPjwvc3ZnPg==" style="--smush-placeholder-width: 1024px; --smush-placeholder-aspect-ratio: 1024/683;" /></a></div><div class="wpb_text_column"><div class="wpb_wrapper"><p>Von links nach rechts: Ulrich Munz (Abteilungsleiter), Thomas Gräber (Abteilungsleiter), Beate Selb (Schulleiterin), Jörg Bauer (stv. Schulleiter), Andreas Länge (Abteilungsleiter), Jutta Taege-Müller (Abteilungsleiterin)</p>
<p>&nbsp;</p>
</div></div></div></div></div></div></div></section>

Grußwort der Schulleitung Schön, dass Sie sich für das HöGy interessieren. So nennen Einheimische liebevoll unser Hölderlin-Gymnasium auf dem Lerchenberg. Was kennzeichnet unser Zusammenleben am HöGy? echt UND persönlich kreativ UND organisiert großes Engagement UND Entspannung plus Feiern Was bieten wir unseren neuen Fünfern? bilingualer Zug (Bili) ab Klasse 5 (zuerst verstärkter Englischunterricht, später Sachfächer...
