{"id":728,"date":"2018-10-21T22:24:50","date_gmt":"2018-10-21T20:24:50","guid":{"rendered":"https:\/\/hoegy.de\/homepage\/?page_id=728"},"modified":"2024-01-29T06:59:51","modified_gmt":"2024-01-29T05:59:51","slug":"wettbewerbe","status":"publish","type":"page","link":"https:\/\/hoegy.de\/homepage\/schulangebote\/mehr-als-unterricht\/wettbewerbe\/","title":{"rendered":"Wettbewerbe"},"content":{"rendered":"<section class=\"l-section wpb_row height_small\"><div class=\"l-section-h i-cf\"><div class=\"g-cols vc_row via_flex valign_top type_default stacking_default\"><div class=\"vc_col-sm-12 wpb_column vc_column_container\"><div class=\"vc_column-inner\"><div class=\"wpb_wrapper\"><div class=\"w-tabs style_default switch_click accordion has_scrolling\" style=\"--sections-title-size:inherit\"><div class=\"w-tabs-sections titles-align_none icon_chevron cpos_right\"><div class=\"w-tabs-section\" id=\"cbf3\"><button class=\"w-tabs-section-header\" aria-controls=\"content-cbf3\" aria-expanded=\"false\"><div class=\"w-tabs-section-title\">Mathematik<\/div><div class=\"w-tabs-section-control\"><\/div><\/button><div  class=\"w-tabs-section-content us_custom_a5c88937\" id=\"content-cbf3\"><div class=\"w-tabs-section-content-h i-cf\"><div class=\"wpb_text_column\"><div class=\"wpb_wrapper\"><h3>Problem des Monats<\/h3>\n<p><img decoding=\"async\" data-src=\"https:\/\/hoegy.de\/homepage\/hgy-media\/pdm.png\" alt=\"Problem des Monats Logo\" data-align=\"left\" data-entity-type=\"file\" src=\"data:image\/svg+xml;base64,PHN2ZyB3aWR0aD0iMSIgaGVpZ2h0PSIxIiB4bWxucz0iaHR0cDovL3d3dy53My5vcmcvMjAwMC9zdmciPjwvc3ZnPg==\" class=\"lazyload\" style=\"--smush-placeholder-width: 106px; --smush-placeholder-aspect-ratio: 106\/120;\" \/>Die monatliche <b>Mathe-Denksport-Aufgabe f\u00fcr die Klassen 5 bis 7<\/b> . Wer aus Klasse 5 bis 7 am Problem des Monats-Wettbewerb teilnehmen m\u00f6chte, kann sich an seinen Mathelehrer bzw. seine Mathelehrerin oder direkt an Frau Boy wenden.<\/p>\n<p>Abgabe \u00fcber den Mathelehrer oder in das Fach von Frau Boy.<\/p>\n<p>Wer oft eine Aufgabe l\u00f6st und zu den besten Sch\u00fclerinnen und Sch\u00fclern des Jahres geh\u00f6rt, erh\u00e4lt am Ende des Schuljahres einen kleinen Preis!<\/p>\n<p><b>Viel Spa\u00df und Erfolg!<\/b><\/p>\n<p class=\"rtecenter\"><b>Ein R\u00fcckblick auf fr\u00fchere PdMs und deren L\u00f6sungen ist auf der Seite des Ministeriums f\u00fcr Kultus, Jugend und Sport, dem Tr\u00e4ger des Wettbewerbs, m\u00f6glich: <\/b><b><a href=\"http:\/\/www.problem-des-monats.de\/\">www.problem-des-monats.de<\/a><\/b><\/p>\n<h3>Pangea<\/h3>\n<p>Pangea ist ein deutschlandweiter, dreistufiger Mathematikwettbewerb. Die Vorrunde findet j\u00e4hrlich im Februar am H\u00f6gy statt. Weitere Informationen gibt es auf der Seite <a href=\"https:\/\/pangea-wettbewerb.de\/\">www.pangea-wettbewerb.de<\/a><img decoding=\"async\" class=\"size-full wp-image-729 alignleft lazyload\" data-src=\"https:\/\/hoegy.de\/homepage\/hgy-media\/pangea.jpg\" alt=\"\" width=\"255\" height=\"90\" data-srcset=\"https:\/\/hoegy.de\/homepage\/hgy-media\/pangea.jpg 255w, https:\/\/hoegy.de\/homepage\/hgy-media\/pangea-200x71.jpg 200w, https:\/\/hoegy.de\/homepage\/hgy-media\/pangea-160x56.jpg 160w\" data-sizes=\"(max-width: 255px) 100vw, 255px\" src=\"data:image\/svg+xml;base64,PHN2ZyB3aWR0aD0iMSIgaGVpZ2h0PSIxIiB4bWxucz0iaHR0cDovL3d3dy53My5vcmcvMjAwMC9zdmciPjwvc3ZnPg==\" style=\"--smush-placeholder-width: 255px; --smush-placeholder-aspect-ratio: 255\/90;\" \/><\/p>\n<p>&nbsp;<\/p>\n<p>&nbsp;<\/p>\n<p>&nbsp;<\/p>\n<h3>Mathe im Advent<\/h3>\n<p>2<strong><\/strong>4 digitale T\u00fcrchen des Mathe-Adventskalenders \u00f6ffnen<\/p>\n<p>Mathe im Advent bietet Sch\u00fcler*innen einen spielerischen Zugang zur Mathematik. Jeden Tag gibt es eine lebensnahe Aufgabe in der die Sch\u00fcler*innen alleine oder in Gruppen neue Seiten der Mathematik entdecken. Am Ende warten hunderte spannende Preise in verschiedenen Jahrgangstunden und Kategorien.<\/p>\n<h4><strong><img decoding=\"async\" class=\"wp-image-11500 alignnone lazyload\" data-src=\"https:\/\/hoegy.de\/homepage\/hgy-media\/matheimadvent.png\" alt=\"\" width=\"222\" height=\"98\" data-srcset=\"https:\/\/hoegy.de\/homepage\/hgy-media\/\/matheimadvent.png 3500w, https:\/\/hoegy.de\/homepage\/hgy-media\/\/matheimadvent-200x88.png 200w, https:\/\/hoegy.de\/homepage\/hgy-media\/\/matheimadvent-1024x451.png 1024w, https:\/\/hoegy.de\/homepage\/hgy-media\/\/matheimadvent-600x264.png 600w, https:\/\/hoegy.de\/homepage\/hgy-media\/\/matheimadvent-50x22.png 50w\" data-sizes=\"(max-width: 222px) 100vw, 222px\" src=\"data:image\/svg+xml;base64,PHN2ZyB3aWR0aD0iMSIgaGVpZ2h0PSIxIiB4bWxucz0iaHR0cDovL3d3dy53My5vcmcvMjAwMC9zdmciPjwvc3ZnPg==\" style=\"--smush-placeholder-width: 222px; --smush-placeholder-aspect-ratio: 222\/98;\" \/><\/strong><\/h4>\n<\/div><\/div><\/div><\/div><\/div><div class=\"w-tabs-section\" id=\"kd92\"><button class=\"w-tabs-section-header\" aria-controls=\"content-kd92\" aria-expanded=\"false\"><div class=\"w-tabs-section-title\">Religion<\/div><div class=\"w-tabs-section-control\"><\/div><\/button><div  class=\"w-tabs-section-content\" id=\"content-kd92\"><div class=\"w-tabs-section-content-h i-cf\"><div class=\"wpb_text_column\"><div class=\"wpb_wrapper\"><h3><\/h3>\n<h4><\/h4>\n<p>&nbsp;<\/p>\n<h3><\/h3>\n<h3><strong>Wettbewerb Christentum und Kultur<\/strong><\/h3>\n<p>&nbsp;<\/p>\n<h4><\/h4>\n<h4><strong>F\u00fcr Sch\u00fclerinnen und Sch\u00fcler der Kursstufe des Gymnasiums<\/strong><\/h4>\n<p>Der Wettbewerb \u201eChristentum und Kultur\u201c wird von allen vier gro\u00dfen Kirchen in Baden-W\u00fcrttemberg gemeinsam verantwortet und jedes Schuljahr neu aufgelegt. Er kann als \u201eBesondere Lernleistung\u201c eine der beiden m\u00fcndlichen Pr\u00fcfungen im Abitur ersetzen, im beruflichen Gymnasium unter bestimmten Bedingungen auch eine schriftliche Pr\u00fcfung.<\/p>\n<p>Er regt dazu an, den Zusammenhang von Christentum und Kultur in der Gesellschaft eigenst\u00e4ndig zu erarbeiten, also z.B. die christliche Pr\u00e4gung unserer Kultur aufzuzeigen, die Wirkung christlicher Orientierungen im gesellschaftlichen Zusammenleben zu bestimmen, den k\u00fcnftigen Bedarf christlicher Werte und Glaubensvorstellungen in einer pluralistischen Kultur zu ermessen und den generellen Zusammenhang von Religion und Kultur zu bedenken.<\/p>\n<p>Selbst\u00e4ndiges wissenschaftliches und interdisziplin\u00e4res Denken und Arbeiten und die \u00f6kumenische Zusammenarbeit werden durch ihn gef\u00f6rdert.<\/p>\n<h4><strong>Information zur Sch\u00fclertagung<\/strong><\/h4>\n<p>Angemeldete Sch\u00fcler*innen des Wettbewerbs &#8220;Christentum und Kultur&#8221; haben die M\u00f6glichkeit zur Teilnahme an einer Vorbereitungs-Tagung rund um die Wettbewerbsarbeit. Hier werden unter anderem Fragen, wie z. B. die Themenauswahl und die Einbringung in das Abitur sowohl Einzel- und Teamarbeit besprochen.<\/p>\n<p>Die Sch\u00fclertagung zum Wettbewerb 2021\/2022 findet am 29. Januar 2022 digital statt.<\/p>\n<p>Quelle: <a href=\"https:\/\/wettbewerb-christentum-und-kultur.de\/\">https:\/\/wettbewerb-christentum-und-kultur.de\/<\/a> , abgerufen am 31.1.2022, dort finden sich auch weitere Informationen.<\/p>\n<\/div><\/div><\/div><\/div><\/div><div class=\"w-tabs-section\" id=\"nc0c\"><button class=\"w-tabs-section-header\" aria-controls=\"content-nc0c\" aria-expanded=\"false\"><div class=\"w-tabs-section-title\">Rhetorik<\/div><div class=\"w-tabs-section-control\"><\/div><\/button><div  class=\"w-tabs-section-content\" id=\"content-nc0c\"><div class=\"w-tabs-section-content-h i-cf\"><div class=\"wpb_text_column\"><div class=\"wpb_wrapper\"><p>Jugend debattiert ist ein deutschlandweiter Rhetorik-Wettbewerb, an dem das H\u00f6gy schon seit<br \/>\n2006 beteiligt ist. In der 8. Klasse lernen alle Sch\u00fcler*innen im Deutschunterricht, wie eine<br \/>\nDebatte aufgebaut ist, wie man \u00fcberzeugend argumentiert und wie man rhetorisch versiert<br \/>\nauftritt. Die besten Debattierenden jeder 8. Klasse nehmen im Januar am Schulwettbewerb<br \/>\nteil.<\/p>\n<p>Fragen der letzten Jahre waren:<\/p>\n<ul>\n<li>Soll die Teilnahme an den Bundesjugendspielen freiwillig sein?<\/li>\n<li>Soll privates Silvester-Feuerwerk verboten werden?<\/li>\n<li>Soll bundesweit f\u00fcr alle Hundehalter ein \u201eHundef\u00fchrerschein\u201c vorgeschrieben werden?<\/li>\n<li>Sollen Innenst\u00e4dte f\u00fcr gro\u00dfe Gel\u00e4ndewagen (SUV) gesperrt werden?<\/li>\n<li>Soll der Nachweis des Freischwimmer-Abzeichens Bedingung f\u00fcr den Erhalt eines<br \/>\nSchulabschlusses sein?<\/li>\n<li>\u00a0Soll nur noch Schokolade verkauft werden d\u00fcrfen, deren Kakao unter fairen Bedingungen<br \/>\nangebaut und geerntet wurden?<\/li>\n<\/ul>\n<p>Die Schulsieger*innen vertreten das H\u00f6gy beim Regionalwettbewerb in Wendlingen, an dem<br \/>\ndie besten Debattierenden des Landkreises Esslingen zusammenkommen. Auch beim<br \/>\nLandeswettbewerb in Stuttgart war das H\u00f6gy schon erfolgreich.<\/p>\n<p>Mehr Informationen unter: <a href=\"http:\/\/www.jugend-debattiert.de\">www.jugend-debattiert.de<\/a><br \/>\nAnsprechpartner am H\u00f6gy: Frau Kurz<\/p>\n<\/div><\/div><div class=\"w-slider style_none fit_scaledown nav_dots count_3\"><div class=\"w-slider-h\" aria-hidden=\"true\"><div class=\"royalSlider\"><div class=\"rsContent\"><a class=\"rsImg\" data-rsw=\"1024\" data-rsh=\"772\" data-rsBigImg=\"https:\/\/hoegy.de\/homepage\/hgy-media\/kurz-3-scaled.jpg\" href=\"https:\/\/hoegy.de\/homepage\/hgy-media\/kurz-3-1024x772.jpg\"><span data-alt=\"\"><\/span><\/a><\/div><div class=\"rsContent\"><a class=\"rsImg\" data-rsw=\"1024\" data-rsh=\"683\" data-rsBigImg=\"https:\/\/hoegy.de\/homepage\/hgy-media\/kurz-2-scaled.jpg\" href=\"https:\/\/hoegy.de\/homepage\/hgy-media\/kurz-2-1024x683.jpg\"><span data-alt=\"\"><\/span><\/a><\/div><div class=\"rsContent\"><a class=\"rsImg\" data-rsw=\"1024\" data-rsh=\"683\" data-rsBigImg=\"https:\/\/hoegy.de\/homepage\/hgy-media\/kurz-1-scaled.jpg\" href=\"https:\/\/hoegy.de\/homepage\/hgy-media\/kurz-1-1024x683.jpg\"><span data-alt=\"\"><\/span><\/a><\/div><\/div><img decoding=\"async\" data-src=\"https:\/\/hoegy.de\/homepage\/hgy-media\/kurz-3-1024x772.jpg\" width=\"1024\" height=\"772\" alt src=\"data:image\/svg+xml;base64,PHN2ZyB3aWR0aD0iMSIgaGVpZ2h0PSIxIiB4bWxucz0iaHR0cDovL3d3dy53My5vcmcvMjAwMC9zdmciPjwvc3ZnPg==\" class=\"lazyload\" style=\"--smush-placeholder-width: 1024px; --smush-placeholder-aspect-ratio: 1024\/772;\"><\/div><div class=\"w-slider-json\" onclick='return {&quot;autoScaleSlider&quot;:true,&quot;addActiveClass&quot;:true,&quot;loop&quot;:true,&quot;fadeInLoadedSlide&quot;:false,&quot;slidesSpacing&quot;:0,&quot;imageScalePadding&quot;:0,&quot;numImagesToPreload&quot;:2,&quot;arrowsNav&quot;:true,&quot;arrowsNavAutoHide&quot;:false,&quot;transitionType&quot;:&quot;move&quot;,&quot;transitionSpeed&quot;:250,&quot;block&quot;:{&quot;moveEffect&quot;:&quot;none&quot;,&quot;speed&quot;:300},&quot;thumbs&quot;:{&quot;fitInViewport&quot;:false,&quot;firstMargin&quot;:false,&quot;spacing&quot;:4},&quot;controlNavigation&quot;:&quot;bullets&quot;,&quot;fullscreen&quot;:{&quot;enabled&quot;:true},&quot;autoScaleSliderWidth&quot;:1024,&quot;autoScaleSliderHeight&quot;:772}'><\/div><\/div><\/div><\/div><\/div><\/div><\/div><\/div><\/div><\/div><\/div><\/div><\/section><section class=\"l-section wpb_row height_small\"><div class=\"l-section-h i-cf\"><div class=\"g-cols vc_row via_flex valign_top type_default stacking_default\"><div class=\"vc_col-sm-12 wpb_column vc_column_container\"><div class=\"vc_column-inner\"><div class=\"wpb_wrapper\"><\/div><\/div><\/div><\/div><\/div><\/section>\n","protected":false},"excerpt":{"rendered":"MathematikProblem des Monats Die monatliche Mathe-Denksport-Aufgabe f\u00fcr die Klassen 5 bis 7 . Wer aus Klasse 5 bis 7 am Problem des Monats-Wettbewerb teilnehmen m\u00f6chte, kann sich an seinen Mathelehrer bzw. seine Mathelehrerin oder direkt an Frau Boy wenden. Abgabe \u00fcber den Mathelehrer oder in das Fach von Frau Boy. Wer oft eine Aufgabe l\u00f6st...","protected":false},"author":2,"featured_media":0,"parent":614,"menu_order":3,"comment_status":"closed","ping_status":"closed","template":"","meta":{"footnotes":""},"class_list":["post-728","page","type-page","status-publish","hentry"],"publishpress_future_action":{"enabled":false,"date":"2026-05-03 21:49:30","action":"change-status","newStatus":"draft","terms":[],"taxonomy":"","extraData":[]},"publishpress_future_workflow_manual_trigger":{"enabledWorkflows":[]},"_links":{"self":[{"href":"https:\/\/hoegy.de\/homepage\/wp-json\/wp\/v2\/pages\/728","targetHints":{"allow":["GET"]}}],"collection":[{"href":"https:\/\/hoegy.de\/homepage\/wp-json\/wp\/v2\/pages"}],"about":[{"href":"https:\/\/hoegy.de\/homepage\/wp-json\/wp\/v2\/types\/page"}],"author":[{"embeddable":true,"href":"https:\/\/hoegy.de\/homepage\/wp-json\/wp\/v2\/users\/2"}],"replies":[{"embeddable":true,"href":"https:\/\/hoegy.de\/homepage\/wp-json\/wp\/v2\/comments?post=728"}],"version-history":[{"count":16,"href":"https:\/\/hoegy.de\/homepage\/wp-json\/wp\/v2\/pages\/728\/revisions"}],"predecessor-version":[{"id":11503,"href":"https:\/\/hoegy.de\/homepage\/wp-json\/wp\/v2\/pages\/728\/revisions\/11503"}],"up":[{"embeddable":true,"href":"https:\/\/hoegy.de\/homepage\/wp-json\/wp\/v2\/pages\/614"}],"wp:attachment":[{"href":"https:\/\/hoegy.de\/homepage\/wp-json\/wp\/v2\/media?parent=728"}],"curies":[{"name":"wp","href":"https:\/\/api.w.org\/{rel}","templated":true}]}}

<section class="l-section wpb_row height_small"><div class="l-section-h i-cf"><div class="g-cols vc_row via_flex valign_top type_default stacking_default"><div class="vc_col-sm-12 wpb_column vc_column_container"><div class="vc_column-inner"><div class="wpb_wrapper"><div class="w-tabs style_default switch_click accordion has_scrolling" style="--sections-title-size:inherit"><div class="w-tabs-sections titles-align_none icon_chevron cpos_right"><div class="w-tabs-section" id="cbf3"><button class="w-tabs-section-header" aria-controls="content-cbf3" aria-expanded="false"><div class="w-tabs-section-title">Mathematik</div><div class="w-tabs-section-control"></div></button><div  class="w-tabs-section-content us_custom_a5c88937" id="content-cbf3"><div class="w-tabs-section-content-h i-cf"><div class="wpb_text_column"><div class="wpb_wrapper"><h3>Problem des Monats</h3>
<p><img decoding="async" data-src="https://hoegy.de/homepage/hgy-media/pdm.png" alt="Problem des Monats Logo" data-align="left" data-entity-type="file" src="data:image/svg+xml;base64,PHN2ZyB3aWR0aD0iMSIgaGVpZ2h0PSIxIiB4bWxucz0iaHR0cDovL3d3dy53My5vcmcvMjAwMC9zdmciPjwvc3ZnPg==" class="lazyload" style="--smush-placeholder-width: 106px; --smush-placeholder-aspect-ratio: 106/120;" />Die monatliche <b>Mathe-Denksport-Aufgabe für die Klassen 5 bis 7</b> . Wer aus Klasse 5 bis 7 am Problem des Monats-Wettbewerb teilnehmen möchte, kann sich an seinen Mathelehrer bzw. seine Mathelehrerin oder direkt an Frau Boy wenden.</p>
<p>Abgabe über den Mathelehrer oder in das Fach von Frau Boy.</p>
<p>Wer oft eine Aufgabe löst und zu den besten Schülerinnen und Schülern des Jahres gehört, erhält am Ende des Schuljahres einen kleinen Preis!</p>
<p><b>Viel Spaß und Erfolg!</b></p>
<p class="rtecenter"><b>Ein Rückblick auf frühere PdMs und deren Lösungen ist auf der Seite des Ministeriums für Kultus, Jugend und Sport, dem Träger des Wettbewerbs, möglich: </b><b><a href="http://www.problem-des-monats.de/">www.problem-des-monats.de</a></b></p>
<h3>Pangea</h3>
<p>Pangea ist ein deutschlandweiter, dreistufiger Mathematikwettbewerb. Die Vorrunde findet jährlich im Februar am Högy statt. Weitere Informationen gibt es auf der Seite <a href="https://pangea-wettbewerb.de/">www.pangea-wettbewerb.de</a><img decoding="async" class="size-full wp-image-729 alignleft lazyload" data-src="https://hoegy.de/homepage/hgy-media/pangea.jpg" alt="" width="255" height="90" data-srcset="https://hoegy.de/homepage/hgy-media/pangea.jpg 255w, https://hoegy.de/homepage/hgy-media/pangea-200x71.jpg 200w, https://hoegy.de/homepage/hgy-media/pangea-160x56.jpg 160w" data-sizes="(max-width: 255px) 100vw, 255px" src="data:image/svg+xml;base64,PHN2ZyB3aWR0aD0iMSIgaGVpZ2h0PSIxIiB4bWxucz0iaHR0cDovL3d3dy53My5vcmcvMjAwMC9zdmciPjwvc3ZnPg==" style="--smush-placeholder-width: 255px; --smush-placeholder-aspect-ratio: 255/90;" /></p>
<p>&nbsp;</p>
<p>&nbsp;</p>
<p>&nbsp;</p>
<h3>Mathe im Advent</h3>
<p>2<strong></strong>4 digitale Türchen des Mathe-Adventskalenders öffnen</p>
<p>Mathe im Advent bietet Schüler*innen einen spielerischen Zugang zur Mathematik. Jeden Tag gibt es eine lebensnahe Aufgabe in der die Schüler*innen alleine oder in Gruppen neue Seiten der Mathematik entdecken. Am Ende warten hunderte spannende Preise in verschiedenen Jahrgangstunden und Kategorien.</p>
<h4><strong><img decoding="async" class="wp-image-11500 alignnone lazyload" data-src="https://hoegy.de/homepage/hgy-media/matheimadvent.png" alt="" width="222" height="98" data-srcset="https://hoegy.de/homepage/hgy-media//matheimadvent.png 3500w, https://hoegy.de/homepage/hgy-media//matheimadvent-200x88.png 200w, https://hoegy.de/homepage/hgy-media//matheimadvent-1024x451.png 1024w, https://hoegy.de/homepage/hgy-media//matheimadvent-600x264.png 600w, https://hoegy.de/homepage/hgy-media//matheimadvent-50x22.png 50w" data-sizes="(max-width: 222px) 100vw, 222px" src="data:image/svg+xml;base64,PHN2ZyB3aWR0aD0iMSIgaGVpZ2h0PSIxIiB4bWxucz0iaHR0cDovL3d3dy53My5vcmcvMjAwMC9zdmciPjwvc3ZnPg==" style="--smush-placeholder-width: 222px; --smush-placeholder-aspect-ratio: 222/98;" /></strong></h4>
</div></div></div></div></div><div class="w-tabs-section" id="kd92"><button class="w-tabs-section-header" aria-controls="content-kd92" aria-expanded="false"><div class="w-tabs-section-title">Religion</div><div class="w-tabs-section-control"></div></button><div  class="w-tabs-section-content" id="content-kd92"><div class="w-tabs-section-content-h i-cf"><div class="wpb_text_column"><div class="wpb_wrapper"><h3></h3>
<h4></h4>
<p>&nbsp;</p>
<h3></h3>
<h3><strong>Wettbewerb Christentum und Kultur</strong></h3>
<p>&nbsp;</p>
<h4></h4>
<h4><strong>Für Schülerinnen und Schüler der Kursstufe des Gymnasiums</strong></h4>
<p>Der Wettbewerb „Christentum und Kultur“ wird von allen vier großen Kirchen in Baden-Württemberg gemeinsam verantwortet und jedes Schuljahr neu aufgelegt. Er kann als „Besondere Lernleistung“ eine der beiden mündlichen Prüfungen im Abitur ersetzen, im beruflichen Gymnasium unter bestimmten Bedingungen auch eine schriftliche Prüfung.</p>
<p>Er regt dazu an, den Zusammenhang von Christentum und Kultur in der Gesellschaft eigenständig zu erarbeiten, also z.B. die christliche Prägung unserer Kultur aufzuzeigen, die Wirkung christlicher Orientierungen im gesellschaftlichen Zusammenleben zu bestimmen, den künftigen Bedarf christlicher Werte und Glaubensvorstellungen in einer pluralistischen Kultur zu ermessen und den generellen Zusammenhang von Religion und Kultur zu bedenken.</p>
<p>Selbständiges wissenschaftliches und interdisziplinäres Denken und Arbeiten und die ökumenische Zusammenarbeit werden durch ihn gefördert.</p>
<h4><strong>Information zur Schülertagung</strong></h4>
<p>Angemeldete Schüler*innen des Wettbewerbs &#8220;Christentum und Kultur&#8221; haben die Möglichkeit zur Teilnahme an einer Vorbereitungs-Tagung rund um die Wettbewerbsarbeit. Hier werden unter anderem Fragen, wie z. B. die Themenauswahl und die Einbringung in das Abitur sowohl Einzel- und Teamarbeit besprochen.</p>
<p>Die Schülertagung zum Wettbewerb 2021/2022 findet am 29. Januar 2022 digital statt.</p>
<p>Quelle: <a href="https://wettbewerb-christentum-und-kultur.de/">https://wettbewerb-christentum-und-kultur.de/</a> , abgerufen am 31.1.2022, dort finden sich auch weitere Informationen.</p>
</div></div></div></div></div><div class="w-tabs-section" id="nc0c"><button class="w-tabs-section-header" aria-controls="content-nc0c" aria-expanded="false"><div class="w-tabs-section-title">Rhetorik</div><div class="w-tabs-section-control"></div></button><div  class="w-tabs-section-content" id="content-nc0c"><div class="w-tabs-section-content-h i-cf"><div class="wpb_text_column"><div class="wpb_wrapper"><p>Jugend debattiert ist ein deutschlandweiter Rhetorik-Wettbewerb, an dem das Högy schon seit<br />
2006 beteiligt ist. In der 8. Klasse lernen alle Schüler*innen im Deutschunterricht, wie eine<br />
Debatte aufgebaut ist, wie man überzeugend argumentiert und wie man rhetorisch versiert<br />
auftritt. Die besten Debattierenden jeder 8. Klasse nehmen im Januar am Schulwettbewerb<br />
teil.</p>
<p>Fragen der letzten Jahre waren:</p>
<ul>
<li>Soll die Teilnahme an den Bundesjugendspielen freiwillig sein?</li>
<li>Soll privates Silvester-Feuerwerk verboten werden?</li>
<li>Soll bundesweit für alle Hundehalter ein „Hundeführerschein“ vorgeschrieben werden?</li>
<li>Sollen Innenstädte für große Geländewagen (SUV) gesperrt werden?</li>
<li>Soll der Nachweis des Freischwimmer-Abzeichens Bedingung für den Erhalt eines<br />
Schulabschlusses sein?</li>
<li> Soll nur noch Schokolade verkauft werden dürfen, deren Kakao unter fairen Bedingungen<br />
angebaut und geerntet wurden?</li>
</ul>
<p>Die Schulsieger*innen vertreten das Högy beim Regionalwettbewerb in Wendlingen, an dem<br />
die besten Debattierenden des Landkreises Esslingen zusammenkommen. Auch beim<br />
Landeswettbewerb in Stuttgart war das Högy schon erfolgreich.</p>
<p>Mehr Informationen unter: <a href="http://www.jugend-debattiert.de">www.jugend-debattiert.de</a><br />
Ansprechpartner am Högy: Frau Kurz</p>
</div></div><div class="w-slider style_none fit_scaledown nav_dots count_3"><div class="w-slider-h" aria-hidden="true"><div class="royalSlider"><div class="rsContent"><a class="rsImg" data-rsw="1024" data-rsh="772" data-rsBigImg="https://hoegy.de/homepage/hgy-media/kurz-3-scaled.jpg" href="https://hoegy.de/homepage/hgy-media/kurz-3-1024x772.jpg"><span data-alt=""></span></a></div><div class="rsContent"><a class="rsImg" data-rsw="1024" data-rsh="683" data-rsBigImg="https://hoegy.de/homepage/hgy-media/kurz-2-scaled.jpg" href="https://hoegy.de/homepage/hgy-media/kurz-2-1024x683.jpg"><span data-alt=""></span></a></div><div class="rsContent"><a class="rsImg" data-rsw="1024" data-rsh="683" data-rsBigImg="https://hoegy.de/homepage/hgy-media/kurz-1-scaled.jpg" href="https://hoegy.de/homepage/hgy-media/kurz-1-1024x683.jpg"><span data-alt=""></span></a></div></div><img decoding="async" data-src="https://hoegy.de/homepage/hgy-media/kurz-3-1024x772.jpg" width="1024" height="772" alt src="data:image/svg+xml;base64,PHN2ZyB3aWR0aD0iMSIgaGVpZ2h0PSIxIiB4bWxucz0iaHR0cDovL3d3dy53My5vcmcvMjAwMC9zdmciPjwvc3ZnPg==" class="lazyload" style="--smush-placeholder-width: 1024px; --smush-placeholder-aspect-ratio: 1024/772;"></div><div class="w-slider-json" onclick='return {&quot;autoScaleSlider&quot;:true,&quot;addActiveClass&quot;:true,&quot;loop&quot;:true,&quot;fadeInLoadedSlide&quot;:false,&quot;slidesSpacing&quot;:0,&quot;imageScalePadding&quot;:0,&quot;numImagesToPreload&quot;:2,&quot;arrowsNav&quot;:true,&quot;arrowsNavAutoHide&quot;:false,&quot;transitionType&quot;:&quot;move&quot;,&quot;transitionSpeed&quot;:250,&quot;block&quot;:{&quot;moveEffect&quot;:&quot;none&quot;,&quot;speed&quot;:300},&quot;thumbs&quot;:{&quot;fitInViewport&quot;:false,&quot;firstMargin&quot;:false,&quot;spacing&quot;:4},&quot;controlNavigation&quot;:&quot;bullets&quot;,&quot;fullscreen&quot;:{&quot;enabled&quot;:true},&quot;autoScaleSliderWidth&quot;:1024,&quot;autoScaleSliderHeight&quot;:772}'></div></div></div></div></div></div></div></div></div></div></div></div></section><section class="l-section wpb_row height_small"><div class="l-section-h i-cf"><div class="g-cols vc_row via_flex valign_top type_default stacking_default"><div class="vc_col-sm-12 wpb_column vc_column_container"><div class="vc_column-inner"><div class="wpb_wrapper"></div></div></div></div></div></section>

MathematikProblem des Monats Die monatliche Mathe-Denksport-Aufgabe für die Klassen 5 bis 7 . Wer aus Klasse 5 bis 7 am Problem des Monats-Wettbewerb teilnehmen möchte, kann sich an seinen Mathelehrer bzw. seine Mathelehrerin oder direkt an Frau Boy wenden. Abgabe über den Mathelehrer oder in das Fach von Frau Boy. Wer oft eine Aufgabe löst...
