{"id":7610,"date":"2022-02-02T18:55:40","date_gmt":"2022-02-02T17:55:40","guid":{"rendered":"https:\/\/hoegy.de\/homepage\/?page_id=7610"},"modified":"2022-08-11T14:11:30","modified_gmt":"2022-08-11T12:11:30","slug":"kirchliche-jugendarbeit-und-schule","status":"publish","type":"page","link":"https:\/\/hoegy.de\/homepage\/schulangebote\/kooperationen\/kirchliche-jugendarbeit-und-schule\/","title":{"rendered":"Kirchliche Jugendarbeit und Schule"},"content":{"rendered":"<section class=\"l-section wpb_row height_small\"><div class=\"l-section-h i-cf\"><div class=\"g-cols vc_row via_flex valign_top type_default stacking_default\"><div class=\"vc_col-sm-12 wpb_column vc_column_container\"><div class=\"vc_column-inner\"><div class=\"wpb_wrapper\"><div class=\"w-tabs style_default switch_click accordion has_scrolling\" style=\"--sections-title-size:inherit\"><div class=\"w-tabs-sections titles-align_none icon_chevron cpos_right\"><div class=\"w-tabs-section active\" id=\"1643823554207-64eec124-311c\"><button class=\"w-tabs-section-header active\" aria-controls=\"content-1643823554207-64eec124-311c\" aria-expanded=\"true\"><div class=\"w-tabs-section-title\">Ausbildung von Sch\u00fclermentorinnen und -mentoren<\/div><div class=\"w-tabs-section-control\"><\/div><\/button><div  class=\"w-tabs-section-content\" id=\"content-1643823554207-64eec124-311c\"><div class=\"w-tabs-section-content-h i-cf\"><div class=\"wpb_text_column\"><div class=\"wpb_wrapper\"><p>Im Rahmen der Kooperation von kirchlicher Jugendarbeit und Schule werden am H\u00f6lderlin-Gymnasium Sch\u00fclerinnen und Sch\u00fcler am Ende der Klassenstufe 8 und in Klasse 9 in mehreren Ausbildungsmodulen zu Sch\u00fclermentorinnen und -mentoren ausgebildet. Grundlage ist das Junior-Sch\u00fclermentorenprogramm (jSMP) der Kirchen. Die Ausbildung wird von einem Jugendreferenten des Evangelischen Jugendwerks N\u00fcrtingen in Zusammenarbeit mit dem Team der Schulsozialarbeit des H\u00f6lderlin-Gymnasiums durchgef\u00fchrt. Den TeilnehmerInnen werden Kompetenzen vermittelt, Gruppen zu leiten und das Schulleben mitzugestalten. Die Sch\u00fclerinnen und Sch\u00fcler lernen Verantwortung zu \u00fcbernehmen, sie erwerben Schl\u00fcsselqualifikationen wie Kooperationsf\u00e4higkeit, Kommunikationsf\u00e4higkeit, Konfliktf\u00e4higkeit und Empathie und sie werden zu ehrenamtlichem Engagement bef\u00e4higt. Ab Klasse 9 haben die SuS dann die M\u00f6glichkeit, sich im Rahmen der Ganztagesbetreuung am H\u00f6Gy als Paten f\u00fcr die 5. Klassen zu engagieren, in der Spieleausleihe mitzuarbeiten oder im Raum der Stille die &#8220;Stille Zeit&#8221; in der Mittagspause anzuleiten.<\/p>\n<\/div><\/div><\/div><\/div><\/div><div class=\"w-tabs-section\" id=\"l7ec\"><button class=\"w-tabs-section-header\" aria-controls=\"content-l7ec\" aria-expanded=\"false\"><div class=\"w-tabs-section-title\">Taiz\u00e9-Fahrt in Klasse 10<\/div><div class=\"w-tabs-section-control\"><\/div><\/button><div  class=\"w-tabs-section-content\" id=\"content-l7ec\"><div class=\"w-tabs-section-content-h i-cf\"><div class=\"wpb_text_column\"><div class=\"wpb_wrapper\"><p>In Klasse 10 wird im Rahmen der &#8220;Tage der Orientierung&#8221; eine Fahrt zur \u00f6kumenischen Taiz\u00e9-Bruderschaft in Frankreich angeboten. Sie findet in Kooperation mit dem Evangelischen Jugendwerk N\u00fcrtingen statt.<\/p>\n<\/div><\/div><\/div><\/div><\/div><div class=\"w-tabs-section\" id=\"i8bd\"><button class=\"w-tabs-section-header\" aria-controls=\"content-i8bd\" aria-expanded=\"false\"><div class=\"w-tabs-section-title\">Orientierungstag<\/div><div class=\"w-tabs-section-control\"><\/div><\/button><div  class=\"w-tabs-section-content\" id=\"content-i8bd\"><div class=\"w-tabs-section-content-h i-cf\"><div class=\"wpb_text_column\"><div class=\"wpb_wrapper\"><p>In einer Kooperation von Religionsunterricht und Jugendarbeit der katholischen Kirche (Jugendreferentin und Team der KSJ) wird in einzelnen Religionsgruppen ein Orientierungstag zu Themen des Erwachsenwerdens angeboten.<\/p>\n<\/div><\/div><\/div><\/div><\/div><div class=\"w-tabs-section\" id=\"i991\"><button class=\"w-tabs-section-header\" aria-controls=\"content-i991\" aria-expanded=\"false\"><div class=\"w-tabs-section-title\">Raum der Stille<\/div><div class=\"w-tabs-section-control\"><\/div><\/button><div  class=\"w-tabs-section-content\" id=\"content-i991\"><div class=\"w-tabs-section-content-h i-cf\"><div class=\"wpb_text_column\"><div class=\"wpb_wrapper\"><p>Im Jahr 2009 wurde im Rahmen des Neubaus der Raum der Stille f\u00fcr unsere Ganztagesschule eingerichtet, an dessen Innengestaltung sich auch die evangelische und katholische Kirche beteiligten. Er wird in der Mittagspause genutzt f\u00fcr offene Angebote f\u00fcr alle Sch\u00fclerinnen und Sch\u00fcler, wie die \u201eStille Zeit\u201c oder die Meditations-AG zur Entschleunigung und zum Durchatmen w\u00e4hrend eines langen Schultages.<\/p>\n<\/div><\/div>[vc_btn title=&#8221;Weitere Infos&#8221; i_icon_fontawesome=&#8221;fas fa-info-circle&#8221; add_icon=&#8221;true&#8221; link=&#8221;url:https%3A%2F%2Fhoegy.de%2Fhomepage%2Fschulangebote%2Fganztagesschule%2Fraum-der-stille%2F|title:Raum%20der%20Stille&#8221;]<\/div><\/div><\/div><\/div><\/div><\/div><\/div><\/div><\/div><\/div><\/section>\n","protected":false},"excerpt":{"rendered":"Ausbildung von Sch\u00fclermentorinnen und -mentorenIm Rahmen der Kooperation von kirchlicher Jugendarbeit und Schule werden am H\u00f6lderlin-Gymnasium Sch\u00fclerinnen und Sch\u00fcler am Ende der Klassenstufe 8 und in Klasse 9 in mehreren Ausbildungsmodulen zu Sch\u00fclermentorinnen und -mentoren ausgebildet. Grundlage ist das Junior-Sch\u00fclermentorenprogramm (jSMP) der Kirchen. Die Ausbildung wird von einem Jugendreferenten des Evangelischen Jugendwerks N\u00fcrtingen in Zusammenarbeit...","protected":false},"author":2,"featured_media":0,"parent":2541,"menu_order":2,"comment_status":"closed","ping_status":"closed","template":"","meta":{"footnotes":""},"class_list":["post-7610","page","type-page","status-publish","hentry"],"publishpress_future_action":{"enabled":false,"date":"2026-04-20 19:13:11","action":"change-status","newStatus":"draft","terms":[],"taxonomy":"","extraData":[]},"publishpress_future_workflow_manual_trigger":{"enabledWorkflows":[]},"_links":{"self":[{"href":"https:\/\/hoegy.de\/homepage\/wp-json\/wp\/v2\/pages\/7610","targetHints":{"allow":["GET"]}}],"collection":[{"href":"https:\/\/hoegy.de\/homepage\/wp-json\/wp\/v2\/pages"}],"about":[{"href":"https:\/\/hoegy.de\/homepage\/wp-json\/wp\/v2\/types\/page"}],"author":[{"embeddable":true,"href":"https:\/\/hoegy.de\/homepage\/wp-json\/wp\/v2\/users\/2"}],"replies":[{"embeddable":true,"href":"https:\/\/hoegy.de\/homepage\/wp-json\/wp\/v2\/comments?post=7610"}],"version-history":[{"count":5,"href":"https:\/\/hoegy.de\/homepage\/wp-json\/wp\/v2\/pages\/7610\/revisions"}],"predecessor-version":[{"id":8380,"href":"https:\/\/hoegy.de\/homepage\/wp-json\/wp\/v2\/pages\/7610\/revisions\/8380"}],"up":[{"embeddable":true,"href":"https:\/\/hoegy.de\/homepage\/wp-json\/wp\/v2\/pages\/2541"}],"wp:attachment":[{"href":"https:\/\/hoegy.de\/homepage\/wp-json\/wp\/v2\/media?parent=7610"}],"curies":[{"name":"wp","href":"https:\/\/api.w.org\/{rel}","templated":true}]}}