{"id":837,"date":"2018-10-23T21:42:37","date_gmt":"2018-10-23T19:42:37","guid":{"rendered":"https:\/\/hoegy.de\/homepage\/?page_id=837"},"modified":"2026-02-10T10:34:03","modified_gmt":"2026-02-10T09:34:03","slug":"franzoesisch","status":"publish","type":"page","link":"https:\/\/hoegy.de\/homepage\/schulangebote\/faecher-unterricht\/franzoesisch\/","title":{"rendered":"Franz\u00f6sisch"},"content":{"rendered":"<section class=\"l-section wpb_row height_small\"><div class=\"l-section-h i-cf\"><div class=\"g-cols vc_row via_flex valign_top type_default stacking_default\"><div class=\"vc_col-sm-12 wpb_column vc_column_container\"><div class=\"vc_column-inner\"><div class=\"wpb_wrapper\"><div class=\"wpb_text_column\"><div class=\"wpb_wrapper\"><h5><a href=\"https:\/\/hoegy.de\/homepage\/hgy-media\/Flyer-Franzoesisch_HoeGy-abgeaendert.pdf\">Flyer Franz\u00f6sisch zum Download<\/a><\/h5>\n<h3>Franz\u00f6sisch &#8211; die Sprache unserer Nachbarn<\/h3>\n<p>Zum gegenseitigen Verst\u00e4ndnis reicht Englisch nicht aus: In einigen Jahren wird es zum beruflichen Alltag vieler Menschen geh\u00f6ren, einige Zeit im franz\u00f6sischen Sprachraum zu leben und zu arbeiten: in Frankreich, in der Schweiz, in Belgien, in vielen L\u00e4ndern Afrikas, in Teilen Kanadas.<\/p>\n<p>Franz\u00f6sisch lernen er\u00f6ffnet gr\u00f6\u00dfere Chancen f\u00fcr den beruflichen Erfolg, denn allein die deutsch-franz\u00f6sischen Gesch\u00e4ftsbeziehungen bieten 400.000 Deutschen und 350.000 Franzosen einen Arbeitsplatz. Frankreich und Deutschland sind die beiden wichtigsten Handelspartner in Europa.<\/p>\n<p>Als unmittelbarem Nachbarland kommt Baden-W\u00fcrttemberg damit eine Schl\u00fcsselrolle im Franz\u00f6sischunterricht zu.<\/p>\n<p>Frankreich und Deutschland ist eine au\u00dfergew\u00f6hnliche politische und wirtschaftliche Ann\u00e4herung gelungen. Die enge Freundschaft beider L\u00e4nder zeigt sich heute in vielf\u00e4ltigen gesellschaftlichen Verflechtungen, den zahlreichen Partnerschaften zwischen Gemeinden, Regionen, Unternehmen, Schulen und Hochschulen.<\/p>\n<p>Auf Grund einer Vereinbarung zwischen der Regierung der Franz\u00f6sischen Republik und der Regierung der Bundesrepublik Deutschland sind Abiturienten, die in der schriftlichen Abiturpr\u00fcfung eine mindestens ausreichende Note erzielt haben, von Sprachpr\u00fcfungen f\u00fcr die Einschreibung an franz\u00f6sischen Universit\u00e4ten befreit.<\/p>\n<p>Franz\u00f6sisch lernen ist auch ein Beitrag zum Aufbau Europas. Wer franz\u00f6sische Sprachkenntnisse besitzt, lernt sp\u00e4ter leichter Italienisch oder Spanisch.<\/p>\n<p>Zum Franz\u00f6sischunterricht geh\u00f6rt nat\u00fcrlich auch ein Sch\u00fcleraustausch mit unserer Partnerschule in Frankreich:<\/p>\n<p class=\"text-align-center\">St.Thomas d&#8217;Aquin<br \/>\n56, rue du Perron<br \/>\nF-69600 Oullins<br \/>\nwww.st-thom.com<\/p>\n<p class=\"text-align-center\"><img decoding=\"async\" data-src=\"https:\/\/hoegy.de\/homepage\/hgy-media\/partner3.jpg\" alt=\"\" width=\"143\" height=\"112\" src=\"data:image\/svg+xml;base64,PHN2ZyB3aWR0aD0iMSIgaGVpZ2h0PSIxIiB4bWxucz0iaHR0cDovL3d3dy53My5vcmcvMjAwMC9zdmciPjwvc3ZnPg==\" class=\"lazyload\" style=\"--smush-placeholder-width: 143px; --smush-placeholder-aspect-ratio: 143\/112;\" \/><\/p>\n<p>Franz\u00f6sisch lernen ist eine Investition in die Zukunft.<\/p>\n<p>Die Kolleginnen und Kollegen der Fachschaft Franz\u00f6sisch informieren Sie gerne bei weiteren Fragen.<\/p>\n<\/div><\/div><\/div><\/div><\/div><\/div><\/div><\/section><section class=\"l-section wpb_row height_small\"><div class=\"l-section-h i-cf\"><div class=\"g-cols vc_row via_flex valign_top type_default stacking_default\"><div class=\"vc_col-sm-12 wpb_column vc_column_container\"><div class=\"vc_column-inner\"><div class=\"wpb_wrapper\"><div class=\"wpb_text_column\"><div class=\"wpb_wrapper\"><h4>\u00dcbersicht \u00fcber m\u00f6gliche Frankreichaustausche (2023\/2024)<\/h4>\n<p>Im Folgenden finden Sie eine \u00dcbersicht \u00fcber m\u00f6gliche Frankreichaustausche dieses Schuljahr.<br \/>\nDie gesamte \u00dcbersicht als PDF-Datei steht Ihnen auch <a href=\"https:\/\/hoegy.de\/homepage\/service\/downloads\/#all_0-122-wpfd-austausche\">hier<\/a> in unserem Downloadbereich zum Download zur Verf\u00fcgung.<\/p>\n<\/div><\/div><div class=\"w-image align_none\"><div class=\"w-image-h\"><img decoding=\"async\" width=\"1024\" height=\"713\" data-src=\"https:\/\/hoegy.de\/homepage\/hgy-media\/Frankreichaustausch_Uebersicht_1_2023_2024-1024x713.png\" class=\"attachment-large size-large lazyload\" alt=\"\" data-srcset=\"https:\/\/hoegy.de\/homepage\/hgy-media\/\/Frankreichaustausch_Uebersicht_1_2023_2024-1024x713.png 1024w, https:\/\/hoegy.de\/homepage\/hgy-media\/\/Frankreichaustausch_Uebersicht_1_2023_2024-200x139.png 200w, https:\/\/hoegy.de\/homepage\/hgy-media\/\/Frankreichaustausch_Uebersicht_1_2023_2024-600x418.png 600w, https:\/\/hoegy.de\/homepage\/hgy-media\/\/Frankreichaustausch_Uebersicht_1_2023_2024-50x35.png 50w, https:\/\/hoegy.de\/homepage\/hgy-media\/\/Frankreichaustausch_Uebersicht_1_2023_2024.png 1096w\" data-sizes=\"auto, (max-width: 1024px) 100vw, 1024px\" src=\"data:image\/svg+xml;base64,PHN2ZyB3aWR0aD0iMSIgaGVpZ2h0PSIxIiB4bWxucz0iaHR0cDovL3d3dy53My5vcmcvMjAwMC9zdmciPjwvc3ZnPg==\" style=\"--smush-placeholder-width: 1024px; --smush-placeholder-aspect-ratio: 1024\/713;\" \/><\/div><\/div><div class=\"w-image align_none\"><div class=\"w-image-h\"><img decoding=\"async\" width=\"1024\" height=\"707\" data-src=\"https:\/\/hoegy.de\/homepage\/hgy-media\/Frankreichaustausch_Uebersicht_2_2023_2024-1024x707.png\" class=\"attachment-large size-large lazyload\" alt=\"\" data-srcset=\"https:\/\/hoegy.de\/homepage\/hgy-media\/\/Frankreichaustausch_Uebersicht_2_2023_2024-1024x707.png 1024w, https:\/\/hoegy.de\/homepage\/hgy-media\/\/Frankreichaustausch_Uebersicht_2_2023_2024-200x138.png 200w, https:\/\/hoegy.de\/homepage\/hgy-media\/\/Frankreichaustausch_Uebersicht_2_2023_2024-600x414.png 600w, https:\/\/hoegy.de\/homepage\/hgy-media\/\/Frankreichaustausch_Uebersicht_2_2023_2024-50x35.png 50w, https:\/\/hoegy.de\/homepage\/hgy-media\/\/Frankreichaustausch_Uebersicht_2_2023_2024.png 1101w\" data-sizes=\"auto, (max-width: 1024px) 100vw, 1024px\" src=\"data:image\/svg+xml;base64,PHN2ZyB3aWR0aD0iMSIgaGVpZ2h0PSIxIiB4bWxucz0iaHR0cDovL3d3dy53My5vcmcvMjAwMC9zdmciPjwvc3ZnPg==\" style=\"--smush-placeholder-width: 1024px; --smush-placeholder-aspect-ratio: 1024\/707;\" \/><\/div><\/div><\/div><\/div><\/div><\/div><\/div><\/section><section class=\"l-section wpb_row height_small\"><div class=\"l-section-h i-cf\"><div class=\"g-cols vc_row via_flex valign_top type_default stacking_default\"><div class=\"vc_col-sm-12 wpb_column vc_column_container\"><div class=\"vc_column-inner\"><div class=\"wpb_wrapper\"><div class=\"wpb_text_column\"><div class=\"wpb_wrapper\"><h4>Delf am H\u00f6Gy<\/h4>\n<p><strong>Was ist DELF?<\/strong><\/p>\n<p>Das \u201eDipl\u00f4me d\u2019\u00e9tudes en langue fran\u00e7aise\u201c (kurz \u201eDELF\u201c) ist ein international anerkanntes Zertifikat f\u00fcr Franz\u00f6sisch als Fremdsprache. Das Zertifikat wird vom franz\u00f6sischen Ministerium f\u00fcr Bildung, Hochschulen und Forschung ausgestellt. Das DELF-Diplom ist ein lebenslang und weltweit g\u00fcltiger Sprachnachweis. Allgemeine Informationen zu DELF finden Sie auf der Homepage des Institut Fran\u00e7ais (<a href=\"https:\/\/www.institutfrancais.de\/franzoesisch-lernen\/delf-dalf\">https:\/\/www.institutfrancais.de\/franzoesisch-lernen\/delf-dalf<\/a>).<\/p>\n<p>&nbsp;<\/p>\n<p><strong>Pr\u00fcfung<\/strong>:<\/p>\n<p><strong>A schriftlicher Teil:<\/strong><\/p>\n<p>H\u00f6rverstehen \/ Leseverstehen \/ Schreibf\u00e4higkeiten werden gepr\u00fcft. Die Pr\u00fcfungsaufgaben werden zentral gestellt.<\/p>\n<p><strong>B m\u00fcndlicher Teil:<\/strong><\/p>\n<p>Das Pr\u00fcfungsgespr\u00e4ch wird mit einer externen Person vom Institut Fran\u00e7ais gef\u00fchrt.<\/p>\n<p>&nbsp;<\/p>\n<p>Die Anmeldung zur Pr\u00fcfung beim Institut Fran\u00e7ais erfolgt \u00fcber die Schule.<\/p>\n<p>Es fallen grunds\u00e4tzlich Kosten f\u00fcr die Pr\u00fcfung \/ Ausstellung des Diploms etc. an: Diese belaufen sich f\u00fcr ein DELF &#8211; Sprachzertifikat je nach Niveaustufe auf 48\u20ac (f\u00fcr A2) oder 54\u20ac (f\u00fcr B1) &#8211; Stand Januar 2021.<\/p>\n<p>&nbsp;<\/p>\n<p>&nbsp;<\/p>\n<p><strong>DELF am H\u00f6Gy<\/strong><\/p>\n<p>Wir bieten unseren Sch\u00fclerinnen und Sch\u00fclern der Klassenstufe 10 die M\u00f6glichkeit, das <strong>DELF scolaire<\/strong> zu erwerben. So k\u00f6nnen sie ihre in f\u00fcnf Jahren erworbenen Franz\u00f6sisch-Kenntnisse zertifizieren lassen! Dies geschieht i.d.R. auf Niveau B1 des Europ\u00e4ischen Referenzrahmens.<\/p>\n<p>Ein solches Diplom ist nicht nur f\u00fcr eine sp\u00e4tere Bewerbung von Vorteil, sondern die m\u00fcndliche Pr\u00fcfung durch externe Pr\u00fcfende vom Institut Fran\u00e7ais ist etwas Besonderes und st\u00e4rkt das Vertrauen in die eigenen Sprachkenntnisse. Die hier gemachten Erfahrungen sind auch im Hinblick auf Kommunikationspr\u00fcfungen in der Kursstufe hilfreich und wirken sich laut Sch\u00fcleraussagen zudem positiv aus, wenn man Franz\u00f6sisch in der Kursstufe weitermachen m\u00f6chte.<\/p>\n<p>Die Vorbereitung findet im Rahmen einer AG statt, die im zweiten Halbjahr von Klasse 10 stattfindet, zielgerichtet auf die Pr\u00fcfungsformate vorbereitet und in die DELF-Pr\u00fcfungen m\u00fcndet.<\/p>\n<p><a ref=\"magnificPopup\" href=\"https:\/\/hoegy.de\/homepage\/hgy-media\/DELF-2019-homepage-1-scaled.jpg\"><img decoding=\"async\" class=\"alignnone wp-image-6318 lazyload\" data-src=\"https:\/\/hoegy.de\/homepage\/hgy-media\/DELF-2019-homepage-1-scaled.jpg\" alt=\"\" width=\"315\" height=\"112\" data-srcset=\"https:\/\/hoegy.de\/homepage\/hgy-media\/DELF-2019-homepage-1-scaled.jpg 2560w, https:\/\/hoegy.de\/homepage\/hgy-media\/DELF-2019-homepage-1-200x71.jpg 200w, https:\/\/hoegy.de\/homepage\/hgy-media\/DELF-2019-homepage-1-1024x365.jpg 1024w, https:\/\/hoegy.de\/homepage\/hgy-media\/DELF-2019-homepage-1-600x214.jpg 600w, https:\/\/hoegy.de\/homepage\/hgy-media\/DELF-2019-homepage-1-50x18.jpg 50w, https:\/\/hoegy.de\/homepage\/hgy-media\/DELF-2019-homepage-1-1320x470.jpg 1320w\" data-sizes=\"(max-width: 315px) 100vw, 315px\" src=\"data:image\/svg+xml;base64,PHN2ZyB3aWR0aD0iMSIgaGVpZ2h0PSIxIiB4bWxucz0iaHR0cDovL3d3dy53My5vcmcvMjAwMC9zdmciPjwvc3ZnPg==\" style=\"--smush-placeholder-width: 315px; --smush-placeholder-aspect-ratio: 315\/112;\" \/><\/a><\/p>\n<p>DELF in Klasse 10 geht am H\u00f6Gy in die vierte Runde und selbst unter Corona-Bedingungen und bei einer Vorbereitung, die haupts\u00e4chlich online stattfand, haben unsere Sch\u00fclerinnen und Sch\u00fcler die Pr\u00fcfungen sehr erfolgreich gemeistert!<\/p>\n<p>Sie haben Fragen? &#8211; Wenden Sie sich gerne an <a href=\"mailto:m.bauer@hoegy.de\">m.bauer@hoegy.de<\/a> .<\/p>\n<p><a ref=\"magnificPopup\" href=\"https:\/\/hoegy.de\/homepage\/hgy-media\/DELF-Zertifikate-2020-scaled.jpg\"><img decoding=\"async\" class=\"alignnone wp-image-6319 lazyload\" data-src=\"https:\/\/hoegy.de\/homepage\/hgy-media\/DELF-Zertifikate-2020-scaled.jpg\" alt=\"\" width=\"291\" height=\"194\" data-srcset=\"https:\/\/hoegy.de\/homepage\/hgy-media\/DELF-Zertifikate-2020-scaled.jpg 2560w, https:\/\/hoegy.de\/homepage\/hgy-media\/DELF-Zertifikate-2020-200x133.jpg 200w, https:\/\/hoegy.de\/homepage\/hgy-media\/DELF-Zertifikate-2020-1024x683.jpg 1024w, https:\/\/hoegy.de\/homepage\/hgy-media\/DELF-Zertifikate-2020-600x400.jpg 600w, https:\/\/hoegy.de\/homepage\/hgy-media\/DELF-Zertifikate-2020-50x33.jpg 50w, https:\/\/hoegy.de\/homepage\/hgy-media\/DELF-Zertifikate-2020-1320x880.jpg 1320w\" data-sizes=\"(max-width: 291px) 100vw, 291px\" src=\"data:image\/svg+xml;base64,PHN2ZyB3aWR0aD0iMSIgaGVpZ2h0PSIxIiB4bWxucz0iaHR0cDovL3d3dy53My5vcmcvMjAwMC9zdmciPjwvc3ZnPg==\" style=\"--smush-placeholder-width: 291px; --smush-placeholder-aspect-ratio: 291\/194;\" \/><\/a><\/p>\n<p>&nbsp;<\/p>\n<\/div><\/div><\/div><\/div><\/div><\/div><\/div><\/section>\n","protected":false},"excerpt":{"rendered":"Flyer Franz\u00f6sisch zum Download Franz\u00f6sisch &#8211; die Sprache unserer Nachbarn Zum gegenseitigen Verst\u00e4ndnis reicht Englisch nicht aus: In einigen Jahren wird es zum beruflichen Alltag vieler Menschen geh\u00f6ren, einige Zeit im franz\u00f6sischen Sprachraum zu leben und zu arbeiten: in Frankreich, in der Schweiz, in Belgien, in vielen L\u00e4ndern Afrikas, in Teilen Kanadas. Franz\u00f6sisch lernen er\u00f6ffnet...","protected":false},"author":2,"featured_media":0,"parent":218,"menu_order":6,"comment_status":"closed","ping_status":"closed","template":"","meta":{"footnotes":""},"class_list":["post-837","page","type-page","status-publish","hentry"],"publishpress_future_action":{"enabled":false,"date":"2026-04-24 10:43:20","action":"change-status","newStatus":"draft","terms":[],"taxonomy":"","extraData":[]},"publishpress_future_workflow_manual_trigger":{"enabledWorkflows":[]},"_links":{"self":[{"href":"https:\/\/hoegy.de\/homepage\/wp-json\/wp\/v2\/pages\/837","targetHints":{"allow":["GET"]}}],"collection":[{"href":"https:\/\/hoegy.de\/homepage\/wp-json\/wp\/v2\/pages"}],"about":[{"href":"https:\/\/hoegy.de\/homepage\/wp-json\/wp\/v2\/types\/page"}],"author":[{"embeddable":true,"href":"https:\/\/hoegy.de\/homepage\/wp-json\/wp\/v2\/users\/2"}],"replies":[{"embeddable":true,"href":"https:\/\/hoegy.de\/homepage\/wp-json\/wp\/v2\/comments?post=837"}],"version-history":[{"count":16,"href":"https:\/\/hoegy.de\/homepage\/wp-json\/wp\/v2\/pages\/837\/revisions"}],"predecessor-version":[{"id":15190,"href":"https:\/\/hoegy.de\/homepage\/wp-json\/wp\/v2\/pages\/837\/revisions\/15190"}],"up":[{"embeddable":true,"href":"https:\/\/hoegy.de\/homepage\/wp-json\/wp\/v2\/pages\/218"}],"wp:attachment":[{"href":"https:\/\/hoegy.de\/homepage\/wp-json\/wp\/v2\/media?parent=837"}],"curies":[{"name":"wp","href":"https:\/\/api.w.org\/{rel}","templated":true}]}}