{"id":861,"date":"2018-10-23T21:55:29","date_gmt":"2018-10-23T19:55:29","guid":{"rendered":"https:\/\/hoegy.de\/homepage\/?page_id=861"},"modified":"2022-09-02T20:30:43","modified_gmt":"2022-09-02T18:30:43","slug":"bildungswert-von-latein","status":"publish","type":"page","link":"https:\/\/hoegy.de\/homepage\/schulangebote\/faecher-unterricht\/latein\/bildungswert-von-latein\/","title":{"rendered":"Bildungswert von Latein"},"content":{"rendered":"<p>Die Sprache Caesars, Horaz&#8217;, Vergils, Ovids, Senecas und Ciceros wird bis ins 19. Jh. als Gelehrtensprache verwendet, ist bis heute Amtssprache der katholischen Kirche und findet Anwendung z.B. in Biologie, Medizin, Pharmazie, Rechtswissenschaften, Theologie, Arch\u00e4ologie und Geschichte.<\/p>\n<p><b>Warum es sich au\u00dferdem lohnt: Latein ist &#8230;<\/b><\/p>\n<ul>\n<li>Basissprache f\u00fcr alle romanischen und viele weiteren Sprachen; somit erheblich leichteres Erlernen von W\u00f6rtern und Grammatik moderner Fremdsprachen<br \/>\n<table border=\"1\" cellspacing=\"0\" cellpadding=\"3\">\n<tbody>\n<tr>\n<td>\n<table border=\"0\" cellspacing=\"0\" cellpadding=\"7\" bgcolor=\"#ffffdd\">\n<tbody>\n<tr>\n<td width=\"80\"><b>lat.<\/b><\/td>\n<td width=\"80\"><b>franz.<\/b><\/td>\n<td width=\"80\"><b>span.<\/b><\/td>\n<td width=\"80\"><b>port.<\/b><\/td>\n<td width=\"80\"><b>ital.<\/b><\/td>\n<td width=\"80\"><b>deutsch<\/b><\/td>\n<\/tr>\n<tr>\n<td>amicus<br \/>\nbonus<br \/>\ncantare<br \/>\ncausa<br \/>\nflos<br \/>\nhora<br \/>\nporta<br \/>\nsal<br \/>\nventus<br \/>\nvolare<\/td>\n<td>ami<br \/>\nbon<br \/>\nchanter<br \/>\nchose<br \/>\nfleur<br \/>\nheure<br \/>\nporte<br \/>\nsel<br \/>\nvent<br \/>\nvoler<\/td>\n<td>amigo<br \/>\nbueno<br \/>\ncantar<br \/>\ncosa<br \/>\nflor<br \/>\nhora<br \/>\npuerta<br \/>\nsal<br \/>\nviento<br \/>\nvolar<\/td>\n<td>amigo<br \/>\nbom<br \/>\ncantar<br \/>\ncoisa<br \/>\nflor<br \/>\nhora<br \/>\nporta<br \/>\nsal<br \/>\nvento<br \/>\nvoar<\/td>\n<td>amico<br \/>\nbuono<br \/>\ncantare<br \/>\ncosa<br \/>\nfiore<br \/>\nora<br \/>\nporta<br \/>\nsale<br \/>\nvento<br \/>\nvolare<\/td>\n<td>Freund<br \/>\ngut<br \/>\nsingen<br \/>\nSache<br \/>\nBlume<br \/>\nStunde<br \/>\nPforte<br \/>\nSalz<br \/>\nWind<br \/>\nfliegen<\/td>\n<\/tr>\n<\/tbody>\n<\/table>\n<\/td>\n<\/tr>\n<\/tbody>\n<\/table>\n<\/li>\n<\/ul>\n<h3>Latein &#8230;<\/h3>\n<ul>\n<li>trainiert pr\u00e4zises Denken sowie das systematische und analytische Vorgehen<\/li>\n<li>f\u00f6rdert genaues Beobachten und das Abstraktions- und Kombinationsverm\u00f6gen<\/li>\n<li>verbessert die Ausdrucksf\u00e4higkeit im Deutschen,<\/li>\n<li>bef\u00e4higt zu intensiverem Textverst\u00e4ndnis und zur kritischen Bewertung von Textzusammenh\u00e4ngen<\/li>\n<li>schult Geduld, Ausdauer und Konzentrationsf\u00e4higkeit<\/li>\n<li>vermittelt Kenntnisse in Kultur und Leben der r\u00f6mischen Antike<\/li>\n<li>erlaubt die Auseinandersetzung mit allgemeinen menschlichen Grundsituationen und humanistischen Wertbegriffen<\/li>\n<li>gew\u00e4hrt Einblicke in Werke der Weltliteratur<\/li>\n<\/ul>\n<p>So erm\u00f6glicht die Besch\u00e4ftigung mit den historischen Wurzeln Europas ein &#8220;vertieftes Verst\u00e4ndnis der Gegenwart&#8221;.<\/p>\n<h3>Latinum als derzeitige Voraussetzung f\u00fcr folgende Studieng\u00e4nge:<\/h3>\n<p>(kann von Uni zu Uni abweichen, kann aber als grobe Regel gelten)<\/p>\n<ul>\n<li>\u00c4gyptologie, Anglistik, Arch\u00e4ologie (alle Richtungen), Ethnologie, Franz\u00f6sisch, Geschichte, Griechisch, Italienisch, Kunstgeschichte, Latein, Musikwissenschaften, Orientalistik, Ostasienwissenschaften, Philosophie, Slawistik, Spanisch, Theologie<br \/>\ndar\u00fcber hinaus empfehlenswert f\u00fcr: Amerikanistik, Biologie, Chemie, Germanistik, Jura, Medizin, P\u00e4dagogik, Pharmazie, Politik, \u00dcbersetzungs- und Dolmetschwissenschaft, Soziologie<\/li>\n<\/ul>\n<p><b>Zitat eines Managers aus der Wirtschaft<\/b><\/p>\n<p><i>&#8220;Nat\u00fcrlich brauchen wir bei uns kein Latein im Alltag unseres Konzerns. Die Personalabteilung sieht aber bei Bewerbern mit Lateinkenntnissen, dass sie vielseitig interessiert sind und logisches Denken trainiert haben. Das kommt auch uns zugute.&#8221;<\/i> (BMW-Manager)<\/p>\n<h3>Romanische Sprachen<\/h3>\n<table border=\"1\" cellspacing=\"0\" cellpadding=\"3\">\n<tbody>\n<tr>\n<td>\n<table border=\"0\" width=\"400\" cellspacing=\"0\" cellpadding=\"7\" bgcolor=\"#ffffdd\">\n<tbody>\n<tr>\n<th colspan=\"3\"><b>Sprachen, die sich aus dem Lateinischen heraus entwickelt haben:<\/b><\/th>\n<\/tr>\n<tr align=\"center\">\n<td width=\"130\"><b>Franz\u00f6sisch<br \/>\nItalienisch<br \/>\nPortugiesisch<\/b><\/td>\n<td width=\"130\"><b>Rum\u00e4nisch<br \/>\nSpanisch<br \/>\nKatalanisch<\/b><\/td>\n<td width=\"130\"><b>Provenzalisch<br \/>\nR\u00e4toromanisch<br \/>\nSardisch<\/b><\/td>\n<\/tr>\n<tr>\n<th colspan=\"3\"><b>Sprachen, die vom Wortschatz des Lateinischen beeinflusst sind:<\/b><\/th>\n<\/tr>\n<tr align=\"center\">\n<td><b>Deutsch<\/b><\/td>\n<td><b>Englisch (zu \u00fcber 50%)<\/b><\/td>\n<td><b>die slawischen Sprachen<\/b><\/td>\n<\/tr>\n<\/tbody>\n<\/table>\n<\/td>\n<\/tr>\n<\/tbody>\n<\/table>\n<h3>Latein im Alltag<\/h3>\n<ul>\n<li style=\"list-style-type: none;\">\n<ul>\n<li><b>Fremdw\u00f6rter:<\/b><br \/>\naggressiv, aktiv, aktuell, akut, circa, Computer, Diktat, Expansion, Export, Import, impulsiv, inclusive, Indikation, Inflation, Investition, kalkulieren, Konkurrenz, Kopierer, Nummer, Omnibus, passiv, Propaganda, Veto<\/li>\n<li><b>Vornamen:<\/b><br \/>\nBeate, Clara, Clemens, Constanze, Fabian, Felix, Florian, Julia, Konstantin, Natalie, Peter, Regine, Silvia<\/li>\n<li><b>Eigennamen (z.T. Kunstw\u00f6rter):<\/b><br \/>\nAudi, Fiat, Securitas-Versicherung<\/li>\n<li><b>Wissenschaftssprache (v.a. Fremdw\u00f6rter):<\/b><br \/>\nAuditorium, Aula, binomische Formel, Doktor, Exekutive, Finite-Elemente-Methode, Frequenz, Judikative, Kondensation, Legislative, Plenum, Quint, Reaktion, Terz<\/li>\n<li><b>Computersprache (\u00fcber die englische Sprache):<\/b><br \/>\nadd, create, delete, Editor, error, insert, Video-Karte<\/li>\n<li><b>Lateinische Schrift:<\/b><br \/>\nFast alle Europ\u00e4er, alle Amerikaner und Australier sowie viele Afrikaner und einige Asiaten schreiben mit lateinischen Buchstaben.<\/li>\n<\/ul>\n<\/li>\n<\/ul>\n<ul>\n<li><b>Lateinische Wurzeln in der Alltagssprache:<\/b><\/li>\n<li>Lehnw\u00f6rter:<br \/>\nFenster (fenestra), Frucht (fructus), Kaiser\/Zar (Caesar), Kammer (camera), Keller (cella), Kiste (cista), Korb (corbis), Mauer (murus), Meile (milia [passuum]), Pacht (pactum), Pforte (porta), Rettich (radix), Sack (saccus), Spiegel (speculum), Stra\u00dfe (strata), Wein (vinum), Ziegel (tegula)<\/li>\n<li><b>Nachwirkende kulturelle Errungenschaften:<\/b><br \/>\nz.B. Br\u00fcckenbau, Wasserversorgung, Stra\u00dfenbau, Architektur, (iulianischer) Kalender, \u00f6ffentliche Verwaltung, Rechtsgrunds\u00e4tze (&#8220;R\u00f6misches Recht&#8221;)<\/li>\n<\/ul>\n<p><img decoding=\"async\" data-src=\"https:\/\/hoegy.de\/homepage\/hgy-media\/colossal.gif\" width=\"180\" align=\"right\" border=\"0\" src=\"data:image\/svg+xml;base64,PHN2ZyB3aWR0aD0iMSIgaGVpZ2h0PSIxIiB4bWxucz0iaHR0cDovL3d3dy53My5vcmcvMjAwMC9zdmciPjwvc3ZnPg==\" class=\"lazyload\" style=\"--smush-placeholder-width: 343px; --smush-placeholder-aspect-ratio: 343\/348;\" \/><\/p>\n","protected":false},"excerpt":{"rendered":"<p>Die Sprache Caesars, Horaz&#8217;, Vergils, Ovids, Senecas und Ciceros wird bis ins 19. Jh. als Gelehrtensprache verwendet, ist bis heute Amtssprache der katholischen Kirche und findet Anwendung z.B. in Biologie, Medizin, Pharmazie, Rechtswissenschaften, Theologie, Arch\u00e4ologie und Geschichte. Warum es sich au\u00dferdem lohnt: Latein ist &#8230; Basissprache f\u00fcr alle romanischen und viele weiteren Sprachen; somit erheblich&#8230;<\/p>\n","protected":false},"author":2,"featured_media":842,"parent":840,"menu_order":3,"comment_status":"closed","ping_status":"closed","template":"","meta":{"footnotes":""},"class_list":["post-861","page","type-page","status-publish","has-post-thumbnail","hentry"],"publishpress_future_action":{"enabled":false,"date":"2026-04-16 11:25:15","action":"change-status","newStatus":"draft","terms":[],"taxonomy":"","extraData":[]},"publishpress_future_workflow_manual_trigger":{"enabledWorkflows":[]},"_links":{"self":[{"href":"https:\/\/hoegy.de\/homepage\/wp-json\/wp\/v2\/pages\/861","targetHints":{"allow":["GET"]}}],"collection":[{"href":"https:\/\/hoegy.de\/homepage\/wp-json\/wp\/v2\/pages"}],"about":[{"href":"https:\/\/hoegy.de\/homepage\/wp-json\/wp\/v2\/types\/page"}],"author":[{"embeddable":true,"href":"https:\/\/hoegy.de\/homepage\/wp-json\/wp\/v2\/users\/2"}],"replies":[{"embeddable":true,"href":"https:\/\/hoegy.de\/homepage\/wp-json\/wp\/v2\/comments?post=861"}],"version-history":[{"count":2,"href":"https:\/\/hoegy.de\/homepage\/wp-json\/wp\/v2\/pages\/861\/revisions"}],"predecessor-version":[{"id":864,"href":"https:\/\/hoegy.de\/homepage\/wp-json\/wp\/v2\/pages\/861\/revisions\/864"}],"up":[{"embeddable":true,"href":"https:\/\/hoegy.de\/homepage\/wp-json\/wp\/v2\/pages\/840"}],"wp:featuredmedia":[{"embeddable":true,"href":"https:\/\/hoegy.de\/homepage\/wp-json\/wp\/v2\/media\/842"}],"wp:attachment":[{"href":"https:\/\/hoegy.de\/homepage\/wp-json\/wp\/v2\/media?parent=861"}],"curies":[{"name":"wp","href":"https:\/\/api.w.org\/{rel}","templated":true}]}}